Last updated on 2024-03-28 17:49:44 CET.
Flavor | Version | Tinstall | Tcheck | Ttotal | Status | Flags |
---|---|---|---|---|---|---|
r-devel-linux-x86_64-debian-clang | 0.1.5 | 44.13 | 75.89 | 120.02 | NOTE | |
r-devel-linux-x86_64-debian-gcc | 0.1.5 | 34.91 | 58.84 | 93.75 | NOTE | |
r-devel-linux-x86_64-fedora-clang | 0.1.5 | 172.55 | NOTE | |||
r-devel-linux-x86_64-fedora-gcc | 0.1.5 | 178.68 | NOTE | |||
r-devel-windows-x86_64 | 0.1.5 | 39.00 | 103.00 | 142.00 | NOTE | |
r-patched-linux-x86_64 | 0.1.5 | 35.85 | 75.09 | 110.94 | NOTE | |
r-release-linux-x86_64 | 0.1.5 | 34.86 | 72.62 | 107.48 | NOTE | |
r-release-macos-arm64 | 0.1.5 | 60.00 | NOTE | |||
r-release-macos-x86_64 | 0.1.5 | 88.00 | NOTE | |||
r-release-windows-x86_64 | 0.1.5 | 48.00 | 119.00 | 167.00 | NOTE | |
r-oldrel-macos-arm64 | 0.1.5 | 46.00 | NOTE | |||
r-oldrel-windows-x86_64 | 0.1.5 | 46.00 | 113.00 | 159.00 | NOTE |
Version: 0.1.5
Check: LazyData
Result: NOTE
'LazyData' is specified without a 'data' directory
Flavors: r-devel-linux-x86_64-debian-clang, r-devel-linux-x86_64-debian-gcc, r-devel-linux-x86_64-fedora-clang, r-devel-linux-x86_64-fedora-gcc, r-devel-windows-x86_64, r-patched-linux-x86_64, r-release-linux-x86_64, r-release-macos-arm64, r-release-macos-x86_64, r-release-windows-x86_64, r-oldrel-macos-arm64, r-oldrel-windows-x86_64
Version: 0.1.5
Check: Rd cross-references
Result: NOTE
Undeclared package ‘tm’ in Rd xrefs
Flavor: r-devel-linux-x86_64-fedora-clang