Last updated on 2024-07-03 18:57:49 CEST.
Flavor | Version | Tinstall | Tcheck | Ttotal | Status | Flags |
---|---|---|---|---|---|---|
r-devel-linux-x86_64-debian-clang | 0.6.1 | 10.32 | 89.60 | 99.92 | NOTE | |
r-devel-linux-x86_64-debian-gcc | 0.6.1 | 7.53 | 67.02 | 74.55 | NOTE | |
r-devel-linux-x86_64-fedora-clang | 0.6.1 | 129.45 | NOTE | |||
r-devel-linux-x86_64-fedora-gcc | 0.6.1 | 129.27 | NOTE | |||
r-devel-windows-x86_64 | 0.6.1 | 9.00 | 124.00 | 133.00 | NOTE | |
r-patched-linux-x86_64 | 0.6.1 | 9.34 | 87.09 | 96.43 | NOTE | |
r-release-linux-x86_64 | 0.6.1 | 9.66 | 85.50 | 95.16 | NOTE | |
r-release-macos-arm64 | 0.6.1 | 42.00 | NOTE | |||
r-release-macos-x86_64 | 0.6.1 | 67.00 | NOTE | |||
r-release-windows-x86_64 | 0.6.1 | 11.00 | 122.00 | 133.00 | NOTE | |
r-oldrel-macos-arm64 | 0.6.1 | 46.00 | NOTE | |||
r-oldrel-macos-x86_64 | 0.6.1 | 75.00 | NOTE | |||
r-oldrel-windows-x86_64 | 0.6.1 | 14.00 | 121.00 | 135.00 | NOTE |
Version: 0.6.1
Check: LazyData
Result: NOTE
'LazyData' is specified without a 'data' directory
Flavors: r-devel-linux-x86_64-debian-clang, r-devel-linux-x86_64-debian-gcc, r-devel-linux-x86_64-fedora-clang, r-devel-linux-x86_64-fedora-gcc, r-devel-windows-x86_64, r-patched-linux-x86_64, r-release-linux-x86_64, r-release-macos-arm64, r-release-macos-x86_64, r-release-windows-x86_64, r-oldrel-macos-arm64, r-oldrel-macos-x86_64, r-oldrel-windows-x86_64