Last updated on 2025-05-05 18:50:19 CEST.
Flavor | Version | Tinstall | Tcheck | Ttotal | Status | Flags |
---|---|---|---|---|---|---|
r-devel-linux-x86_64-debian-clang | 0.5.5 | 49.99 | 138.52 | 188.51 | OK | |
r-devel-linux-x86_64-debian-gcc | 0.5.5 | 34.50 | 180.96 | 215.46 | OK | |
r-devel-linux-x86_64-fedora-clang | 0.5.5 | 337.17 | NOTE | |||
r-devel-linux-x86_64-fedora-gcc | 0.5.5 | 305.10 | NOTE | |||
r-patched-linux-x86_64 | 0.5.5 | 46.92 | 129.74 | 176.66 | OK | |
r-release-linux-x86_64 | 0.5.5 | 46.96 | 127.29 | 174.25 | OK | |
r-release-macos-arm64 | 0.5.5 | 97.00 | OK | |||
r-release-macos-x86_64 | 0.5.5 | 113.00 | OK | |||
r-oldrel-macos-arm64 | 0.5.5 | 50.00 | NOTE | |||
r-oldrel-macos-x86_64 | 0.5.5 | 67.00 | NOTE |
Version: 0.5.5
Check: dependencies in R code
Result: NOTE
Namespace in Imports field not imported from: ‘doRNG’
All declared Imports should be used.
Flavors: r-devel-linux-x86_64-fedora-clang, r-devel-linux-x86_64-fedora-gcc
Version: 0.5.5
Check: for GNU extensions in Makefiles
Result: NOTE
GNU make is a SystemRequirements.
Flavors: r-oldrel-macos-arm64, r-oldrel-macos-x86_64