CRAN Package Check Results for Package thisutils

Last updated on 2025-11-19 17:48:55 CET.

Flavor Version Tinstall Tcheck Ttotal Status Flags
r-devel-linux-x86_64-debian-clang 0.2.0 26.61 43.21 69.82 OK
r-devel-linux-x86_64-debian-gcc 0.3.1 18.48 34.90 53.38 OK
r-devel-linux-x86_64-fedora-clang 0.3.1 28.00 82.32 110.32 OK
r-devel-linux-x86_64-fedora-gcc 0.3.1 16.00 58.14 74.14 OK
r-devel-windows-x86_64 0.2.0 32.00 87.00 119.00 OK
r-patched-linux-x86_64 0.2.0 26.99 38.53 65.52 OK
r-release-linux-x86_64 0.2.0 26.70 38.56 65.26 OK
r-release-macos-arm64 0.2.0 10.00 8.00 18.00 OK
r-release-macos-x86_64 0.3.1 12.00 44.00 56.00 OK
r-release-windows-x86_64 0.2.0 31.00 88.00 119.00 OK
r-oldrel-macos-arm64 0.3.1 0.00 9.00 9.00 ERROR
r-oldrel-macos-x86_64 0.3.1 25.00 72.00 97.00 OK
r-oldrel-windows-x86_64 0.2.0 36.00 104.00 140.00 OK

Check Details

Version: 0.3.1
Check: whether package can be installed
Result: ERROR Installation failed. Flavor: r-oldrel-macos-arm64