Last updated on 2024-05-21 06:59:42 CEST.
Flavor | Version | Tinstall | Tcheck | Ttotal | Status | Flags |
---|---|---|---|---|---|---|
r-devel-linux-x86_64-debian-clang | 0.2.0 | 2.37 | 29.12 | 31.49 | NOTE | |
r-devel-linux-x86_64-debian-gcc | 0.2.0 | 2.39 | 22.02 | 24.41 | NOTE | |
r-devel-linux-x86_64-fedora-clang | 0.2.0 | 39.56 | NOTE | |||
r-devel-linux-x86_64-fedora-gcc | 0.2.0 | 37.20 | NOTE | |||
r-devel-windows-x86_64 | 0.2.0 | 4.00 | 43.00 | 47.00 | NOTE | |
r-patched-linux-x86_64 | 0.2.0 | 2.93 | 27.51 | 30.44 | NOTE | |
r-release-linux-x86_64 | 0.2.0 | 2.95 | 27.65 | 30.60 | NOTE | |
r-release-macos-arm64 | 0.2.0 | 18.00 | NOTE | |||
r-release-windows-x86_64 | 0.2.0 | 4.00 | 44.00 | 48.00 | NOTE | |
r-oldrel-macos-arm64 | 0.2.0 | 17.00 | NOTE | |||
r-oldrel-macos-x86_64 | 0.2.0 | 24.00 | NOTE | |||
r-oldrel-windows-x86_64 | 0.2.0 | 4.00 | 45.00 | 49.00 | NOTE |
Version: 0.2.0
Check: LazyData
Result: NOTE
'LazyData' is specified without a 'data' directory
Flavors: r-devel-linux-x86_64-debian-clang, r-devel-linux-x86_64-debian-gcc, r-devel-linux-x86_64-fedora-clang, r-devel-linux-x86_64-fedora-gcc, r-devel-windows-x86_64, r-patched-linux-x86_64, r-release-linux-x86_64, r-release-macos-arm64, r-release-windows-x86_64, r-oldrel-macos-arm64, r-oldrel-macos-x86_64, r-oldrel-windows-x86_64