CRAN Package Check Results for Package tidyindex

Last updated on 2025-11-25 17:50:09 CET.

Flavor Version Tinstall Tcheck Ttotal Status Flags
r-devel-linux-x86_64-debian-clang 0.1.0 10.97 129.63 140.60 NOTE
r-devel-linux-x86_64-debian-gcc 0.1.0 6.68 88.85 95.53 NOTE
r-devel-linux-x86_64-fedora-clang 0.1.0 23.00 190.74 213.74 NOTE
r-devel-linux-x86_64-fedora-gcc 0.1.0 25.00 189.81 214.81 NOTE
r-devel-windows-x86_64 0.1.0 16.00 104.00 120.00 NOTE
r-patched-linux-x86_64 0.1.0 10.62 118.96 129.58 NOTE
r-release-linux-x86_64 0.1.0 8.83 119.96 128.79 NOTE
r-release-macos-arm64 0.1.0 NOTE
r-release-macos-x86_64 0.1.0 8.00 93.00 101.00 NOTE
r-release-windows-x86_64 0.1.0 12.00 136.00 148.00 NOTE
r-oldrel-macos-arm64 0.1.0 OK
r-oldrel-macos-x86_64 0.1.0 6.00 67.00 73.00 OK
r-oldrel-windows-x86_64 0.1.0 16.00 163.00 179.00 OK

Check Details

Version: 0.1.0
Check: DESCRIPTION meta-information
Result: NOTE Missing dependency on R >= 4.1.0 because package code uses the pipe |> or function shorthand \(...) syntax added in R 4.1.0. File(s) using such syntax: ‘add_paras.Rd’ ‘checks.R’ ‘compute-idx.Rd’ ‘compute-indexes.R’ ‘dimension-reduction.R’ ‘dimension-reduction.Rd’ ‘dist-fit.Rd’ ‘distribution-fit.R’ ‘drought-idx.Rd’ ‘drought-indexes.R’ ‘init.R’ ‘normalise.R’ ‘normalise.Rd’ ‘rescale.Rd’ ‘rescaling.R’ ‘swap-values.R’ ‘swap.Rd’ ‘temporal-aggregate.Rd’ ‘temporal-aggregation.R’ ‘theme_benchmark.Rd’ ‘variable-transformation.R’ ‘variable-transformation.Rd’ Flavors: r-devel-linux-x86_64-debian-clang, r-devel-linux-x86_64-debian-gcc, r-devel-linux-x86_64-fedora-clang, r-devel-linux-x86_64-fedora-gcc, r-devel-windows-x86_64, r-patched-linux-x86_64, r-release-linux-x86_64, r-release-macos-arm64, r-release-windows-x86_64

Version: 0.1.0
Check: for unstated dependencies in ‘demo’
Result: NOTE '::' or ':::' imports not declared from: ‘here’ ‘janitor’ ‘ozmaps’ ‘readxl’ ‘rmapshaper’ ‘sf’ ‘tibble’ 'library' or 'require' calls not declared from: ‘GGally’ ‘ozmaps’ ‘tidyverse’ Flavors: r-devel-linux-x86_64-debian-clang, r-devel-linux-x86_64-debian-gcc, r-patched-linux-x86_64, r-release-linux-x86_64

Version: 0.1.0
Check: DESCRIPTION meta-information
Result: NOTE Missing dependency on R >= 4.1.0 because package code uses the pipe |> or function shorthand \(...) syntax added in R 4.1.0. File(s) using such syntax: ‘checks.R’ ‘compute-indexes.R’ ‘dimension-reduction.R’ ‘distribution-fit.R’ ‘drought-indexes.R’ ‘init.R’ ‘normalise.R’ ‘rescaling.R’ ‘swap-values.R’ ‘temporal-aggregation.R’ ‘variable-transformation.R’ Flavor: r-release-macos-x86_64