Last updated on 2024-03-28 17:49:45 CET.
Flavor | Version | Tinstall | Tcheck | Ttotal | Status | Flags |
---|---|---|---|---|---|---|
r-devel-linux-x86_64-debian-clang | 1.3.1 | 19.04 | 183.56 | 202.60 | OK | |
r-devel-linux-x86_64-debian-gcc | 1.3.1 | 16.04 | 134.58 | 150.62 | OK | |
r-devel-linux-x86_64-fedora-clang | 1.3.1 | 248.79 | NOTE | |||
r-devel-linux-x86_64-fedora-gcc | 1.3.1 | 251.39 | NOTE | |||
r-devel-windows-x86_64 | 1.3.1 | 20.00 | 158.00 | 178.00 | OK | |
r-patched-linux-x86_64 | 1.3.1 | 22.69 | 178.18 | 200.87 | OK | |
r-release-linux-x86_64 | 1.3.1 | 19.86 | 176.57 | 196.43 | OK | |
r-release-macos-arm64 | 1.3.1 | 87.00 | OK | |||
r-release-macos-x86_64 | 1.3.1 | 156.00 | OK | |||
r-release-windows-x86_64 | 1.3.1 | 23.00 | 197.00 | 220.00 | OK | |
r-oldrel-macos-arm64 | 1.3.1 | 78.00 | OK | |||
r-oldrel-windows-x86_64 | 1.3.1 | 24.00 | 184.00 | 208.00 | OK |
Version: 1.3.1
Check: data for non-ASCII characters
Result: NOTE
Note: found 24 marked UTF-8 strings
Flavors: r-devel-linux-x86_64-fedora-clang, r-devel-linux-x86_64-fedora-gcc