CRAN Package Check Results for Package tiff

Last updated on 2025-11-23 05:50:36 CET.

Flavor Version Tinstall Tcheck Ttotal Status Flags
r-devel-linux-x86_64-debian-clang 0.1-12 5.05 19.93 24.98 NOTE
r-devel-linux-x86_64-debian-gcc 0.1-12 4.60 16.49 21.09 NOTE
r-devel-linux-x86_64-fedora-clang 0.1-12 12.00 26.13 38.13 OK
r-devel-linux-x86_64-fedora-gcc 0.1-12 19.00 19.00 38.00 OK
r-devel-windows-x86_64 0.1-12 8.00 51.00 59.00 OK
r-patched-linux-x86_64 0.1-12 4.65 18.74 23.39 OK
r-release-linux-x86_64 0.1-12 4.80 18.85 23.65 OK
r-release-macos-arm64 0.1-12 OK
r-release-macos-x86_64 0.1-12 15.00 19.00 34.00 OK
r-release-windows-x86_64 0.1-12 9.00 54.00 63.00 OK
r-oldrel-macos-arm64 0.1-12 NOTE
r-oldrel-macos-x86_64 0.1-12 9.00 17.00 26.00 NOTE
r-oldrel-windows-x86_64 0.1-12 9.00 55.00 64.00 OK

Check Details

Version: 0.1-12
Check: CRAN incoming feasibility
Result: NOTE Maintainer: ‘Simon Urbanek <Simon.Urbanek@r-project.org>’ No Authors@R field in DESCRIPTION. Please add one, modifying Authors@R: c(person(given = "Simon", family = "Urbanek", role = c("aut", "cre"), email = "Simon.Urbanek@r-project.org"), person(given = "Kent", family = "Johnson", role = "ctb", email = "kjohnson@akoyabio.com")) as necessary. Flavors: r-devel-linux-x86_64-debian-clang, r-devel-linux-x86_64-debian-gcc

Version: 0.1-12
Check: installed package size
Result: NOTE installed size is 5.4Mb sub-directories of 1Mb or more: libs 5.3Mb Flavors: r-oldrel-macos-arm64, r-oldrel-macos-x86_64