Last updated on 2025-07-24 06:49:42 CEST.
Flavor | Version | Tinstall | Tcheck | Ttotal | Status | Flags |
---|---|---|---|---|---|---|
r-devel-linux-x86_64-debian-clang | 1.0.3 | 6.81 | 38.64 | 45.45 | NOTE | |
r-devel-linux-x86_64-debian-gcc | 1.0.3 | 4.75 | 27.37 | 32.12 | NOTE | |
r-devel-linux-x86_64-fedora-clang | 1.0.3 | 67.32 | OK | |||
r-devel-linux-x86_64-fedora-gcc | 1.0.3 | 66.63 | OK | |||
r-devel-windows-x86_64 | 1.0.3 | 8.00 | 63.00 | 71.00 | OK | |
r-patched-linux-x86_64 | 1.0.3 | 7.47 | 35.31 | 42.78 | OK | |
r-release-linux-x86_64 | 1.0.3 | 6.91 | 35.98 | 42.89 | OK | |
r-release-macos-arm64 | 1.0.3 | 23.00 | OK | |||
r-release-macos-x86_64 | 1.0.3 | 42.00 | OK | |||
r-release-windows-x86_64 | 1.0.3 | 7.00 | 60.00 | 67.00 | OK | |
r-oldrel-macos-arm64 | 1.0.3 | 25.00 | OK | |||
r-oldrel-macos-x86_64 | 1.0.3 | 33.00 | OK | |||
r-oldrel-windows-x86_64 | 1.0.3 | 6.00 | 61.00 | 67.00 | OK |
Version: 1.0.3
Check: CRAN incoming feasibility
Result: NOTE
Maintainer: ‘Peter Reichert <peter.reichert@emeriti.eawag.ch>’
No Authors@R field in DESCRIPTION.
Please add one, modifying
Authors@R: person(given = "Peter",
family = "Reichert",
role = c("aut", "cre"),
email = "peter.reichert@emeriti.eawag.ch")
as necessary.
Flavors: r-devel-linux-x86_64-debian-clang, r-devel-linux-x86_64-debian-gcc