Last updated on 2025-11-04 05:51:28 CET.
| Flavor | Version | Tinstall | Tcheck | Ttotal | Status | Flags | 
|---|---|---|---|---|---|---|
| r-devel-linux-x86_64-debian-clang | 0.15.0 | 11.70 | 105.02 | 116.72 | OK | |
| r-devel-linux-x86_64-debian-gcc | 0.15.1 | 7.83 | 63.89 | 71.72 | OK | |
| r-devel-linux-x86_64-fedora-clang | 0.15.1 | 63.00 | 111.39 | 174.39 | OK | |
| r-devel-linux-x86_64-fedora-gcc | 0.15.1 | 39.00 | 122.74 | 161.74 | OK | |
| r-devel-windows-x86_64 | 0.15.1 | 16.00 | 100.00 | 116.00 | OK | |
| r-patched-linux-x86_64 | 0.15.0 | 12.33 | 97.05 | 109.38 | OK | |
| r-release-linux-x86_64 | 0.15.0 | 10.29 | 97.44 | 107.73 | OK | |
| r-release-macos-arm64 | 0.15.1 | 5.00 | 44.00 | 49.00 | OK | |
| r-release-macos-x86_64 | 0.15.1 | 11.00 | 99.00 | 110.00 | OK | |
| r-release-windows-x86_64 | 0.15.0 | 12.00 | 110.00 | 122.00 | OK | |
| r-oldrel-macos-arm64 | 0.15.1 | 6.00 | 48.00 | 54.00 | OK | |
| r-oldrel-macos-x86_64 | 0.15.1 | 11.00 | 93.00 | 104.00 | NOTE | |
| r-oldrel-windows-x86_64 | 0.15.1 | 14.00 | 95.00 | 109.00 | OK | 
Version: 0.15.1
Check: package dependencies
Result: NOTE
  Package suggested but not available for checking: ‘litedown’
Flavor: r-oldrel-macos-x86_64