Last updated on 2024-05-02 18:48:29 CEST.
Flavor | Version | Tinstall | Tcheck | Ttotal | Status | Flags |
---|---|---|---|---|---|---|
r-devel-linux-x86_64-debian-clang | 0.50.13 | 14.52 | 168.83 | 183.35 | NOTE | |
r-devel-linux-x86_64-debian-gcc | 0.50.13 | 10.14 | 125.44 | 135.58 | NOTE | |
r-devel-linux-x86_64-fedora-clang | 0.50.13 | 222.95 | NOTE | |||
r-devel-linux-x86_64-fedora-gcc | 0.50.13 | 227.02 | NOTE | |||
r-devel-windows-x86_64 | 0.50.13 | 12.00 | 146.00 | 158.00 | NOTE | |
r-patched-linux-x86_64 | 0.50.13 | 10.76 | 156.34 | 167.10 | NOTE | |
r-release-linux-x86_64 | 0.50.13 | 8.26 | 157.32 | 165.58 | NOTE | |
r-release-macos-arm64 | 0.50.13 | 73.00 | NOTE | |||
r-release-windows-x86_64 | 0.50.13 | 12.00 | 145.00 | 157.00 | NOTE | |
r-oldrel-macos-arm64 | 0.50.13 | 74.00 | OK | |||
r-oldrel-macos-x86_64 | 0.50.13 | 112.00 | OK | |||
r-oldrel-windows-x86_64 | 0.50.13 | 14.00 | 174.00 | 188.00 | OK |
Version: 0.50.13
Check: Rd files
Result: NOTE
checkRd: (-1) pvalEffectPlot.Rd:90: Lost braces in \itemize; meant \describe ?
checkRd: (-1) pvalEffectPlot.Rd:91: Lost braces in \itemize; meant \describe ?
checkRd: (-1) pvalEffectPlot.Rd:92: Lost braces in \itemize; meant \describe ?
checkRd: (-1) pvalEffectPlot.Rd:93: Lost braces in \itemize; meant \describe ?
checkRd: (-1) pvalEffectPlot.Rd:94: Lost braces in \itemize; meant \describe ?
Flavors: r-devel-linux-x86_64-debian-clang, r-devel-linux-x86_64-debian-gcc, r-devel-linux-x86_64-fedora-clang, r-devel-linux-x86_64-fedora-gcc, r-devel-windows-x86_64, r-patched-linux-x86_64, r-release-linux-x86_64, r-release-macos-arm64, r-release-windows-x86_64
Version: 0.50.13
Check: data for non-ASCII characters
Result: NOTE
Note: found 1 marked UTF-8 string
Flavors: r-devel-linux-x86_64-fedora-clang, r-devel-linux-x86_64-fedora-gcc