CRAN Package Check Results for Package toolmaRk

Last updated on 2025-07-27 18:51:36 CEST.

Flavor Version Tinstall Tcheck Ttotal Status Flags
r-devel-linux-x86_64-debian-clang 0.0.1 5.85 51.01 56.86 NOTE
r-devel-linux-x86_64-debian-gcc 0.0.1 4.19 37.51 41.70 NOTE
r-devel-linux-x86_64-fedora-clang 0.0.1 94.14 NOTE
r-devel-linux-x86_64-fedora-gcc 0.0.1 85.23 NOTE
r-devel-windows-x86_64 0.0.1 8.00 73.00 81.00 NOTE
r-patched-linux-x86_64 0.0.1 6.08 48.77 54.85 NOTE
r-release-linux-x86_64 0.0.1 4.85 48.91 53.76 NOTE
r-release-macos-arm64 0.0.1 28.00 NOTE
r-release-macos-x86_64 0.0.1 47.00 NOTE
r-release-windows-x86_64 0.0.1 8.00 66.00 74.00 NOTE
r-oldrel-macos-arm64 0.0.1 28.00 NOTE
r-oldrel-macos-x86_64 0.0.1 41.00 NOTE
r-oldrel-windows-x86_64 0.0.1 10.00 81.00 91.00 NOTE

Check Details

Version: 0.0.1
Check: Rd files
Result: NOTE checkRd: (-1) fixed_width_no_modeling.Rd:26: Lost braces in \itemize; \value handles \item{}{} directly checkRd: (-1) fixed_width_no_modeling.Rd:27: Lost braces in \itemize; \value handles \item{}{} directly checkRd: (-1) fixed_width_no_modeling.Rd:28: Lost braces in \itemize; \value handles \item{}{} directly Flavors: r-devel-linux-x86_64-debian-clang, r-devel-linux-x86_64-debian-gcc, r-devel-linux-x86_64-fedora-clang, r-devel-linux-x86_64-fedora-gcc, r-devel-windows-x86_64, r-patched-linux-x86_64, r-release-linux-x86_64, r-release-macos-arm64, r-release-macos-x86_64, r-release-windows-x86_64, r-oldrel-macos-arm64, r-oldrel-macos-x86_64, r-oldrel-windows-x86_64