Last updated on 2025-11-04 05:51:28 CET.
| Flavor | Version | Tinstall | Tcheck | Ttotal | Status | Flags | 
|---|---|---|---|---|---|---|
| r-devel-linux-x86_64-debian-clang | 0.1.0 | 10.12 | 285.30 | 295.42 | NOTE | |
| r-devel-linux-x86_64-debian-gcc | 0.1.0 | 16.43 | 255.70 | 272.13 | NOTE | |
| r-devel-linux-x86_64-fedora-clang | 0.1.0 | 99.00 | 357.40 | 456.40 | NOTE | |
| r-devel-linux-x86_64-fedora-gcc | 0.1.0 | 19.00 | 122.27 | 141.27 | NOTE | |
| r-devel-windows-x86_64 | 0.1.0 | 12.00 | 95.00 | 107.00 | NOTE | |
| r-patched-linux-x86_64 | 0.1.0 | 10.78 | 275.45 | 286.23 | NOTE | |
| r-release-linux-x86_64 | 0.1.0 | 9.89 | 276.93 | 286.82 | NOTE | |
| r-release-macos-arm64 | 0.1.0 | 8.00 | 95.00 | 103.00 | NOTE | |
| r-release-macos-x86_64 | 0.1.0 | 15.00 | 193.00 | 208.00 | NOTE | |
| r-release-windows-x86_64 | 0.1.0 | 12.00 | 93.00 | 105.00 | NOTE | |
| r-oldrel-macos-arm64 | 0.1.0 | 6.00 | 41.00 | 47.00 | NOTE | |
| r-oldrel-macos-x86_64 | 0.1.0 | 7.00 | 58.00 | 65.00 | NOTE | |
| r-oldrel-windows-x86_64 | 0.1.0 | 15.00 | 118.00 | 133.00 | NOTE | 
Version: 0.1.0
Check: CRAN incoming feasibility
Result: NOTE
  Maintainer: ‘Jan Wijffels <jwijffels@bnosac.be>’
  
  The Description field contains
    David M. Blei (2019), available at <arXiv:1907.04907>.
  Please refer to arXiv e-prints via their arXiv DOI <doi:10.48550/arXiv.YYMM.NNNNN>.
Flavors: r-devel-linux-x86_64-debian-clang, r-devel-linux-x86_64-debian-gcc
Version: 0.1.0
Check: Rd files
Result: NOTE
  checkRd: (-1) ETM.Rd:33: Lost braces in \itemize; \value handles \item{}{} directly
  checkRd: (-1) ETM.Rd:34: Lost braces in \itemize; \value handles \item{}{} directly
  checkRd: (-1) ETM.Rd:35: Lost braces in \itemize; \value handles \item{}{} directly
  checkRd: (-1) ETM.Rd:36: Lost braces in \itemize; \value handles \item{}{} directly
  checkRd: (-1) ETM.Rd:37: Lost braces in \itemize; \value handles \item{}{} directly
Flavors: r-devel-linux-x86_64-debian-clang, r-devel-linux-x86_64-debian-gcc, r-devel-linux-x86_64-fedora-clang, r-devel-linux-x86_64-fedora-gcc, r-devel-windows-x86_64, r-patched-linux-x86_64, r-release-linux-x86_64, r-release-macos-arm64, r-release-macos-x86_64, r-release-windows-x86_64, r-oldrel-macos-arm64, r-oldrel-macos-x86_64, r-oldrel-windows-x86_64