Last updated on 2024-03-28 17:49:45 CET.
Flavor | Version | Tinstall | Tcheck | Ttotal | Status | Flags |
---|---|---|---|---|---|---|
r-devel-linux-x86_64-debian-clang | 0.2-16 | 16.59 | 132.96 | 149.55 | OK | |
r-devel-linux-x86_64-debian-gcc | 0.2-16 | 13.67 | 102.29 | 115.96 | OK | |
r-devel-linux-x86_64-fedora-clang | 0.2-16 | 198.56 | NOTE | |||
r-devel-linux-x86_64-fedora-gcc | 0.2-16 | 207.44 | NOTE | |||
r-devel-windows-x86_64 | 0.2-16 | 20.00 | 186.00 | 206.00 | OK | |
r-patched-linux-x86_64 | 0.2-16 | 18.39 | 138.44 | 156.83 | OK | |
r-release-linux-x86_64 | 0.2-16 | 17.96 | 135.04 | 153.00 | OK | |
r-release-macos-arm64 | 0.2-16 | 101.00 | OK | |||
r-release-macos-x86_64 | 0.2-16 | 191.00 | OK | |||
r-release-windows-x86_64 | 0.2-16 | 24.00 | 210.00 | 234.00 | OK | |
r-oldrel-macos-arm64 | 0.2-16 | 96.00 | OK | |||
r-oldrel-windows-x86_64 | 0.2-16 | 26.00 | 205.00 | 231.00 | OK |
Version: 0.2-16
Check: data for non-ASCII characters
Result: NOTE
Note: found 91 marked UTF-8 strings
Flavors: r-devel-linux-x86_64-fedora-clang, r-devel-linux-x86_64-fedora-gcc