Last updated on 2025-05-17 18:49:50 CEST.
Flavor | Version | Tinstall | Tcheck | Ttotal | Status | Flags |
---|---|---|---|---|---|---|
r-devel-linux-x86_64-debian-clang | 1.0.2 | 45.44 | 23.89 | 69.33 | OK | |
r-devel-linux-x86_64-debian-gcc | 1.0.2 | 41.07 | 20.25 | 61.32 | OK | |
r-devel-linux-x86_64-fedora-clang | 1.0.2 | 102.38 | OK | |||
r-devel-linux-x86_64-fedora-gcc | 1.0.2 | 104.39 | OK | |||
r-devel-windows-x86_64 | 1.0.2 | 41.00 | 48.00 | 89.00 | OK | |
r-patched-linux-x86_64 | 1.0.2 | 44.67 | 23.52 | 68.19 | OK | |
r-release-linux-x86_64 | 1.0.2 | 43.47 | 23.54 | 67.01 | OK | |
r-release-macos-arm64 | 1.0.2 | 60.00 | OK | |||
r-release-macos-x86_64 | 1.0.2 | 89.00 | OK | |||
r-release-windows-x86_64 | 1.0.2 | 43.00 | 47.00 | 90.00 | OK | |
r-oldrel-macos-arm64 | 1.0.2 | 60.00 | NOTE | |||
r-oldrel-macos-x86_64 | 1.0.2 | 65.00 | NOTE | |||
r-oldrel-windows-x86_64 | 1.0.2 | 43.00 | 52.00 | 95.00 | NOTE |
Version: 1.0.2
Check: installed package size
Result: NOTE
installed size is 7.4Mb
sub-directories of 1Mb or more:
data 7.3Mb
Flavors: r-oldrel-macos-arm64, r-oldrel-macos-x86_64, r-oldrel-windows-x86_64