Last updated on 2025-07-23 19:50:11 CEST.
Flavor | Version | Tinstall | Tcheck | Ttotal | Status | Flags |
---|---|---|---|---|---|---|
r-devel-linux-x86_64-debian-clang | 0.1.0 | 1.65 | 17.15 | 18.80 | OK | |
r-devel-linux-x86_64-debian-gcc | 0.1.0 | 1.22 | 14.41 | 15.63 | OK | |
r-devel-linux-x86_64-fedora-clang | 0.1.0 | 32.06 | OK | |||
r-devel-linux-x86_64-fedora-gcc | 0.1.0 | 27.62 | OK | |||
r-devel-windows-x86_64 | 0.1.0 | 2.00 | 38.00 | 40.00 | OK | |
r-patched-linux-x86_64 | 0.1.0 | 1.61 | 16.09 | 17.70 | OK | |
r-release-linux-x86_64 | 0.1.0 | 1.67 | 16.01 | 17.68 | OK | |
r-release-macos-arm64 | 0.1.0 | 13.00 | OK | |||
r-release-macos-x86_64 | 0.1.0 | 22.00 | OK | |||
r-release-windows-x86_64 | 0.1.0 | 3.00 | 40.00 | 43.00 | OK | |
r-oldrel-macos-arm64 | 0.1.0 | 12.00 | NOTE | |||
r-oldrel-macos-x86_64 | 0.1.0 | 20.00 | NOTE | |||
r-oldrel-windows-x86_64 | 0.1.0 | 2.00 | 38.00 | 40.00 | NOTE |
Version: 0.1.0
Check: LazyData
Result: NOTE
'LazyData' is specified without a 'data' directory
Flavors: r-oldrel-macos-arm64, r-oldrel-macos-x86_64, r-oldrel-windows-x86_64