Last updated on 2025-05-20 06:50:07 CEST.
Flavor | Version | Tinstall | Tcheck | Ttotal | Status | Flags |
---|---|---|---|---|---|---|
r-devel-linux-x86_64-debian-clang | 1.0.5 | 14.45 | 68.17 | 82.62 | NOTE | |
r-devel-linux-x86_64-debian-gcc | 1.0.5 | 10.59 | 49.05 | 59.64 | NOTE | |
r-devel-linux-x86_64-fedora-clang | 1.0.5 | 133.51 | OK | |||
r-devel-linux-x86_64-fedora-gcc | 1.0.5 | 146.73 | OK | |||
r-devel-windows-x86_64 | 1.0.5 | 21.00 | 106.00 | 127.00 | OK | |
r-patched-linux-x86_64 | 1.0.5 | 14.99 | 62.57 | 77.56 | OK | |
r-release-linux-x86_64 | 1.0.5 | 14.75 | 62.85 | 77.60 | OK | |
r-release-macos-arm64 | 1.0.5 | 44.00 | OK | |||
r-release-macos-x86_64 | 1.0.5 | 79.00 | OK | |||
r-release-windows-x86_64 | 1.0.5 | 20.00 | 93.00 | 113.00 | OK | |
r-oldrel-macos-arm64 | 1.0.5 | 42.00 | OK | |||
r-oldrel-macos-x86_64 | 1.0.5 | 67.00 | OK | |||
r-oldrel-windows-x86_64 | 1.0.5 | 23.00 | 117.00 | 140.00 | OK |
Version: 1.0.5
Check: CRAN incoming feasibility
Result: NOTE
Maintainer: ‘Francisco Martinez <fmartin@ujaen.es>’
The BugReports field in DESCRIPTION has
https://github.com/franciscomartinezdelrio/tsfgrnn
which should likely be
https://github.com/franciscomartinezdelrio/tsfgrnn/issues
instead.
Flavors: r-devel-linux-x86_64-debian-clang, r-devel-linux-x86_64-debian-gcc