Last updated on 2025-11-23 17:50:29 CET.
| Flavor | Version | Tinstall | Tcheck | Ttotal | Status | Flags |
|---|---|---|---|---|---|---|
| r-devel-linux-x86_64-debian-clang | 2.6.1 | 19.26 | 138.51 | 157.77 | NOTE | --no-vignettes |
| r-devel-linux-x86_64-debian-gcc | 2.6.1 | 13.89 | 97.78 | 111.67 | NOTE | --no-vignettes |
| r-devel-linux-x86_64-fedora-clang | 2.6.1 | 45.00 | 314.42 | 359.42 | OK | |
| r-devel-linux-x86_64-fedora-gcc | 2.6.1 | 42.00 | 315.05 | 357.05 | OK | |
| r-devel-windows-x86_64 | 2.6.1 | 26.00 | 134.00 | 160.00 | OK | --no-vignettes |
| r-patched-linux-x86_64 | 2.6.1 | 20.26 | 134.12 | 154.38 | OK | --no-vignettes |
| r-release-linux-x86_64 | 2.6.1 | 18.43 | 130.67 | 149.10 | OK | --no-vignettes |
| r-release-macos-arm64 | 2.6.1 | OK | ||||
| r-release-macos-x86_64 | 2.6.1 | 16.00 | 180.00 | 196.00 | OK | |
| r-release-windows-x86_64 | 2.6.1 | 23.00 | 154.00 | 177.00 | OK | --no-vignettes |
| r-oldrel-macos-arm64 | 2.6.1 | OK | ||||
| r-oldrel-macos-x86_64 | 2.6.1 | 30.00 | 287.00 | 317.00 | OK | |
| r-oldrel-windows-x86_64 | 2.6.1 | 32.00 | 174.00 | 206.00 | OK | --no-vignettes |
Version: 2.6.1
Flags: --no-vignettes
Check: CRAN incoming feasibility
Result: NOTE
Maintainer: ‘Lane Burgette <burgette@rand.org>’
No Authors@R field in DESCRIPTION.
Please add one, modifying
Authors@R: c(person(given = "Matthew",
family = "Cefalu",
role = "aut"),
person(given = "Greg",
family = "Ridgeway",
role = "aut"),
person(given = "Dan",
family = "McCaffrey",
role = "aut"),
person(given = "Andrew",
family = "Morral",
role = "aut"),
person(given = c("Beth", "Ann"),
family = "Griffin",
role = "aut"),
person(given = "Lane",
family = "Burgette",
role = c("aut", "cre"),
email = "burgette@rand.org"))
as necessary.
Flavors: r-devel-linux-x86_64-debian-clang, r-devel-linux-x86_64-debian-gcc