Last updated on 2024-04-19 06:56:36 CEST.
Flavor | Version | Tinstall | Tcheck | Ttotal | Status | Flags |
---|---|---|---|---|---|---|
r-devel-linux-x86_64-debian-clang | 2.3.5 | 11.42 | 41.57 | 52.99 | NOTE | |
r-devel-linux-x86_64-debian-gcc | 2.3.5 | NOTE | ||||
r-devel-linux-x86_64-fedora-clang | 2.3.5 | 67.70 | NOTE | |||
r-devel-linux-x86_64-fedora-gcc | 2.3.5 | 62.35 | NOTE | |||
r-prerel-macos-arm64 | 2.3.5 | 22.00 | NOTE | |||
r-prerel-windows-x86_64 | 2.3.5 | 11.00 | 53.00 | 64.00 | NOTE | |
r-patched-linux-x86_64 | 2.3.5 | 9.63 | 40.92 | 50.55 | NOTE | |
r-release-linux-x86_64 | 2.3.5 | 9.33 | 41.49 | 50.82 | OK | |
r-release-macos-arm64 | 2.3.5 | 23.00 | OK | |||
r-release-macos-x86_64 | 2.3.5 | 35.00 | OK | |||
r-release-windows-x86_64 | 2.3.5 | 14.00 | 55.00 | 69.00 | OK | |
r-oldrel-macos-arm64 | 2.3.5 | 26.00 | OK | |||
r-oldrel-windows-x86_64 | 2.3.5 | 13.00 | 60.00 | 73.00 | OK |
Version: 2.3.5
Check: Rd files
Result: NOTE
checkRd: (-1) tweedie-internal.Rd:74: Lost braces
74 | doi{10.1093/biomet/74.2.221}
| ^
Flavors: r-devel-linux-x86_64-debian-clang, r-devel-linux-x86_64-debian-gcc, r-devel-linux-x86_64-fedora-clang, r-devel-linux-x86_64-fedora-gcc, r-prerel-macos-arm64, r-prerel-windows-x86_64, r-patched-linux-x86_64