Last updated on 2018-04-25 18:47:30 CEST.
Flavor | Version | Tinstall | Tcheck | Ttotal | Status | Flags |
---|---|---|---|---|---|---|
r-devel-linux-x86_64-debian-clang | 0.2.1 | 1.74 | 35.84 | 37.58 | OK | |
r-devel-linux-x86_64-debian-gcc | 0.2.1 | 1.32 | 28.44 | 29.76 | OK | |
r-devel-linux-x86_64-fedora-clang | 0.2.1 | 43.87 | NOTE | |||
r-devel-linux-x86_64-fedora-gcc | 0.2.1 | 41.70 | NOTE | |||
r-devel-windows-ix86+x86_64 | 0.2.1 | 5.00 | 47.00 | 52.00 | NOTE | |
r-patched-linux-x86_64 | 0.2.1 | 1.34 | 34.35 | 35.69 | OK | |
r-patched-solaris-x86 | 0.2.1 | 68.90 | NOTE | |||
r-release-linux-x86_64 | 0.2.1 | 1.19 | 34.64 | 35.83 | OK | |
r-release-windows-ix86+x86_64 | 0.2.1 | 5.00 | 47.00 | 52.00 | NOTE | |
r-release-osx-x86_64 | 0.2.1 | NOTE | ||||
r-oldrel-windows-ix86+x86_64 | 0.2.1 | 6.00 | 72.00 | 78.00 | NOTE | |
r-oldrel-osx-x86_64 | 0.2.1 | NOTE |
Version: 0.2.1
Check: installed package size
Result: NOTE
installed size is 7.0Mb
sub-directories of 1Mb or more:
extdata 6.2Mb
Flavors: r-devel-linux-x86_64-fedora-clang, r-devel-linux-x86_64-fedora-gcc, r-devel-windows-ix86+x86_64, r-patched-solaris-x86, r-release-windows-ix86+x86_64, r-release-osx-x86_64, r-oldrel-windows-ix86+x86_64, r-oldrel-osx-x86_64
Version: 0.2.1
Check: data for non-ASCII characters
Result: NOTE
Note: found 1 marked UTF-8 string
Flavors: r-devel-linux-x86_64-fedora-clang, r-devel-linux-x86_64-fedora-gcc, r-patched-solaris-x86, r-release-osx-x86_64, r-oldrel-osx-x86_64