CRAN Package Check Results for Package usmap

Last updated on 2018-10-21 06:47:05 CEST.

Flavor Version Tinstall Tcheck Ttotal Status Flags
r-devel-linux-x86_64-debian-clang 0.4.0 2.06 45.91 47.97 OK
r-devel-linux-x86_64-debian-gcc 0.4.0 1.54 36.50 38.04 OK
r-devel-linux-x86_64-fedora-clang 0.4.0 57.26 NOTE
r-devel-linux-x86_64-fedora-gcc 0.4.0 53.89 NOTE
r-devel-windows-ix86+x86_64 0.4.0 7.00 81.00 88.00 NOTE
r-patched-linux-x86_64 0.4.0 2.06 41.90 43.96 OK
r-patched-solaris-x86 0.4.0 77.90 NOTE
r-release-linux-x86_64 0.4.0 1.60 42.65 44.25 OK
r-release-windows-ix86+x86_64 0.4.0 6.00 79.00 85.00 NOTE
r-release-osx-x86_64 0.4.0 NOTE
r-oldrel-windows-ix86+x86_64 0.4.0 4.00 103.00 107.00 NOTE
r-oldrel-osx-x86_64 0.4.0 NOTE

Check Details

Version: 0.4.0
Check: installed package size
Result: NOTE
     installed size is 7.0Mb
     sub-directories of 1Mb or more:
     extdata 6.2Mb
Flavors: r-devel-linux-x86_64-fedora-clang, r-devel-windows-ix86+x86_64, r-patched-solaris-x86, r-release-windows-ix86+x86_64, r-release-osx-x86_64, r-oldrel-windows-ix86+x86_64, r-oldrel-osx-x86_64

Version: 0.4.0
Check: data for non-ASCII characters
Result: NOTE
     Note: found 1 marked UTF-8 string
Flavors: r-devel-linux-x86_64-fedora-clang, r-devel-linux-x86_64-fedora-gcc, r-patched-solaris-x86, r-release-osx-x86_64, r-oldrel-osx-x86_64