CRAN Package Check Results for Package usmap

Last updated on 2018-07-19 18:49:44 CEST.

Flavor Version Tinstall Tcheck Ttotal Status Flags
r-devel-linux-x86_64-debian-clang 0.3.0 1.82 35.34 37.16 OK
r-devel-linux-x86_64-debian-gcc 0.3.0 1.36 29.97 31.33 OK
r-devel-linux-x86_64-fedora-clang 0.3.0 46.09 NOTE
r-devel-linux-x86_64-fedora-gcc 0.3.0 44.02 NOTE
r-devel-windows-ix86+x86_64 0.3.0 4.00 68.00 72.00 NOTE
r-patched-linux-x86_64 0.3.0 1.26 35.82 37.08 OK
r-patched-solaris-x86 0.3.0 69.80 NOTE
r-release-linux-x86_64 0.3.0 1.70 35.73 37.43 OK
r-release-windows-ix86+x86_64 0.3.0 5.00 51.00 56.00 NOTE
r-release-osx-x86_64 0.3.0 NOTE
r-oldrel-windows-ix86+x86_64 0.3.0 5.00 68.00 73.00 NOTE
r-oldrel-osx-x86_64 0.3.0 NOTE

Check Details

Version: 0.3.0
Check: installed package size
Result: NOTE
     installed size is 7.0Mb
     sub-directories of 1Mb or more:
     extdata 6.2Mb
Flavors: r-devel-linux-x86_64-fedora-clang, r-devel-windows-ix86+x86_64, r-patched-solaris-x86, r-release-windows-ix86+x86_64, r-release-osx-x86_64, r-oldrel-windows-ix86+x86_64, r-oldrel-osx-x86_64

Version: 0.3.0
Check: data for non-ASCII characters
Result: NOTE
     Note: found 1 marked UTF-8 string
Flavors: r-devel-linux-x86_64-fedora-clang, r-devel-linux-x86_64-fedora-gcc, r-patched-solaris-x86, r-release-osx-x86_64, r-oldrel-osx-x86_64