CRAN Package Check Results for Package usmap

Last updated on 2018-01-23 16:50:36 CET.

Flavor Version Tinstall Tcheck Ttotal Status Flags
r-devel-linux-x86_64-debian-clang 0.2.1 1.26 44.44 45.70 OK
r-devel-linux-x86_64-debian-gcc 0.2.1 1.04 34.84 35.88 OK
r-devel-linux-x86_64-fedora-clang 0.2.1 53.14 NOTE
r-devel-linux-x86_64-fedora-gcc 0.2.1 50.81 NOTE
r-devel-windows-ix86+x86_64 0.2.1 6.00 60.00 66.00 NOTE
r-patched-linux-x86_64 0.2.1 1.20 45.80 47.00 OK
r-patched-solaris-x86 0.2.1 82.30 NOTE
r-release-linux-x86_64 0.2.1 1.56 44.69 46.25 OK
r-release-windows-ix86+x86_64 0.2.1 4.00 82.00 86.00 NOTE
r-release-osx-x86_64 0.2.1 NOTE
r-oldrel-windows-ix86+x86_64 0.2.1 5.00 57.00 62.00 NOTE
r-oldrel-osx-x86_64 0.2.1 NOTE

Check Details

Version: 0.2.1
Check: installed package size
Result: NOTE
     installed size is 7.0Mb
     sub-directories of 1Mb or more:
     extdata 6.2Mb
Flavors: r-devel-linux-x86_64-fedora-clang, r-devel-linux-x86_64-fedora-gcc, r-devel-windows-ix86+x86_64, r-patched-solaris-x86, r-release-windows-ix86+x86_64, r-release-osx-x86_64, r-oldrel-windows-ix86+x86_64, r-oldrel-osx-x86_64

Version: 0.2.1
Check: data for non-ASCII characters
Result: NOTE
     Note: found 1 marked UTF-8 string
Flavors: r-devel-linux-x86_64-fedora-clang, r-devel-linux-x86_64-fedora-gcc, r-patched-solaris-x86, r-release-osx-x86_64, r-oldrel-osx-x86_64