Last updated on 2024-07-03 18:57:50 CEST.
Flavor | Version | Tinstall | Tcheck | Ttotal | Status | Flags |
---|---|---|---|---|---|---|
r-devel-linux-x86_64-debian-clang | 0.2.1 | 4.44 | 37.86 | 42.30 | NOTE | |
r-devel-linux-x86_64-debian-gcc | 0.2.1 | 3.43 | 29.22 | 32.65 | NOTE | |
r-devel-linux-x86_64-fedora-clang | 0.2.1 | 52.78 | NOTE | |||
r-devel-linux-x86_64-fedora-gcc | 0.2.1 | 49.84 | NOTE | |||
r-devel-windows-x86_64 | 0.2.1 | 4.00 | 54.00 | 58.00 | NOTE | |
r-patched-linux-x86_64 | 0.2.1 | 3.31 | 36.20 | 39.51 | NOTE | |
r-release-linux-x86_64 | 0.2.1 | 3.67 | 36.63 | 40.30 | NOTE | |
r-release-macos-arm64 | 0.2.1 | 19.00 | NOTE | |||
r-release-macos-x86_64 | 0.2.1 | 28.00 | NOTE | |||
r-release-windows-x86_64 | 0.2.1 | 5.00 | 55.00 | 60.00 | NOTE | |
r-oldrel-macos-arm64 | 0.2.1 | 19.00 | NOTE | |||
r-oldrel-macos-x86_64 | 0.2.1 | 29.00 | NOTE | |||
r-oldrel-windows-x86_64 | 0.2.1 | 5.00 | 56.00 | 61.00 | NOTE |
Version: 0.2.1
Check: package subdirectories
Result: NOTE
Problems with news in ‘NEWS.md’:
No news entries found.
Flavors: r-devel-linux-x86_64-debian-clang, r-devel-linux-x86_64-debian-gcc, r-devel-linux-x86_64-fedora-clang, r-devel-linux-x86_64-fedora-gcc, r-devel-windows-x86_64, r-patched-linux-x86_64, r-release-linux-x86_64, r-release-macos-arm64, r-release-macos-x86_64, r-release-windows-x86_64, r-oldrel-macos-arm64, r-oldrel-macos-x86_64, r-oldrel-windows-x86_64
Version: 0.2.1
Check: LazyData
Result: NOTE
'LazyData' is specified without a 'data' directory
Flavors: r-devel-linux-x86_64-debian-clang, r-devel-linux-x86_64-debian-gcc, r-devel-linux-x86_64-fedora-clang, r-devel-linux-x86_64-fedora-gcc, r-devel-windows-x86_64, r-patched-linux-x86_64, r-release-linux-x86_64, r-release-macos-arm64, r-release-macos-x86_64, r-release-windows-x86_64, r-oldrel-macos-arm64, r-oldrel-macos-x86_64, r-oldrel-windows-x86_64