Last updated on 2024-03-28 17:49:46 CET.
Flavor | Version | Tinstall | Tcheck | Ttotal | Status | Flags |
---|---|---|---|---|---|---|
r-devel-linux-x86_64-debian-clang | 0.7.0 | 214.88 | 529.98 | 744.86 | OK | |
r-devel-linux-x86_64-debian-gcc | 0.7.0 | 177.13 | 396.90 | 574.03 | OK | |
r-devel-linux-x86_64-fedora-clang | 0.7.0 | 919.57 | OK | |||
r-devel-linux-x86_64-fedora-gcc | 0.7.0 | 981.26 | OK | |||
r-devel-windows-x86_64 | 0.7.0 | 163.00 | 400.00 | 563.00 | OK | |
r-patched-linux-x86_64 | 0.7.0 | 164.53 | 505.79 | 670.32 | OK | |
r-release-linux-x86_64 | 0.7.0 | 156.72 | 507.42 | 664.14 | OK | |
r-release-macos-arm64 | 0.7.0 | 310.00 | NOTE | |||
r-release-macos-x86_64 | 0.7.0 | 470.00 | NOTE | |||
r-release-windows-x86_64 | 0.7.0 | 220.00 | 540.00 | 760.00 | OK | |
r-oldrel-macos-arm64 | 0.7.0 | 226.00 | NOTE | |||
r-oldrel-windows-x86_64 | 0.7.0 | 205.00 | 476.00 | 681.00 | OK |
Version: 0.7.0
Check: installed package size
Result: NOTE
installed size is 7.1Mb
sub-directories of 1Mb or more:
libs 6.0Mb
Flavors: r-release-macos-arm64, r-release-macos-x86_64, r-oldrel-macos-arm64