Last updated on 2024-03-28 17:49:46 CET.
Flavor | Version | Tinstall | Tcheck | Ttotal | Status | Flags |
---|---|---|---|---|---|---|
r-devel-linux-x86_64-debian-clang | 0.7-8 | 3.57 | 45.82 | 49.39 | NOTE | |
r-devel-linux-x86_64-debian-gcc | 0.7-8 | 2.64 | 33.89 | 36.53 | NOTE | |
r-devel-linux-x86_64-fedora-clang | 0.7-8 | 55.97 | NOTE | |||
r-devel-linux-x86_64-fedora-gcc | 0.7-8 | 54.68 | NOTE | |||
r-devel-windows-x86_64 | 0.7-8 | 4.00 | 56.00 | 60.00 | NOTE | |
r-patched-linux-x86_64 | 0.7-8 | 4.45 | 40.36 | 44.81 | NOTE | |
r-release-linux-x86_64 | 0.7-8 | 3.78 | 40.79 | 44.57 | NOTE | |
r-release-macos-arm64 | 0.7-8 | 30.00 | NOTE | |||
r-release-macos-x86_64 | 0.7-8 | 33.00 | NOTE | |||
r-release-windows-x86_64 | 0.7-8 | 3.00 | 59.00 | 62.00 | NOTE | |
r-oldrel-macos-arm64 | 0.7-8 | 23.00 | OK | |||
r-oldrel-windows-x86_64 | 0.7-8 | 6.00 | 61.00 | 67.00 | OK |
Version: 0.7-8
Check: Rd files
Result: NOTE
checkRd: (-1) randomVarImpsRFplot.Rd:97: Escaped LaTeX specials: \&
checkRd: (-1) varSelImpSpecRF.Rd:83: Escaped LaTeX specials: \&
Flavors: r-devel-linux-x86_64-debian-clang, r-devel-linux-x86_64-debian-gcc, r-devel-linux-x86_64-fedora-clang, r-devel-linux-x86_64-fedora-gcc, r-devel-windows-x86_64, r-patched-linux-x86_64, r-release-linux-x86_64, r-release-macos-arm64, r-release-macos-x86_64, r-release-windows-x86_64