Last updated on 2024-03-28 17:49:46 CET.
Flavor | Version | Tinstall | Tcheck | Ttotal | Status | Flags |
---|---|---|---|---|---|---|
r-devel-linux-x86_64-debian-clang | 0.8-5 | 17.47 | 228.20 | 245.67 | NOTE | |
r-devel-linux-x86_64-debian-gcc | 0.8-5 | 11.00 | 167.25 | 178.25 | NOTE | |
r-devel-linux-x86_64-fedora-clang | 0.8-5 | 264.81 | NOTE | |||
r-devel-linux-x86_64-fedora-gcc | 0.8-5 | 324.53 | NOTE | |||
r-devel-windows-x86_64 | 0.8-5 | 14.00 | 200.00 | 214.00 | NOTE | |
r-patched-linux-x86_64 | 0.8-5 | 21.04 | 218.33 | 239.37 | NOTE | |
r-release-linux-x86_64 | 0.8-5 | 10.07 | 216.53 | 226.60 | OK | |
r-release-macos-arm64 | 0.8-5 | 91.00 | OK | |||
r-release-macos-x86_64 | 0.8-5 | 178.00 | OK | |||
r-release-windows-x86_64 | 0.8-5 | 17.00 | 254.00 | 271.00 | OK | |
r-oldrel-macos-arm64 | 0.8-5 | 81.00 | OK | |||
r-oldrel-windows-x86_64 | 0.8-5 | 20.00 | 258.00 | 278.00 | OK |
Version: 0.8-5
Check: Rd files
Result: NOTE
checkRd: (-1) datasets.Rd:15: Lost braces
15 | and dimension information (\code{dim} or code{length}) of each item,
| ^
Flavors: r-devel-linux-x86_64-debian-clang, r-devel-linux-x86_64-debian-gcc, r-devel-linux-x86_64-fedora-clang, r-devel-linux-x86_64-fedora-gcc, r-devel-windows-x86_64, r-patched-linux-x86_64
Version: 0.8-5
Check: Rd cross-references
Result: NOTE
Undeclared package ‘factoextra’ in Rd xrefs
Flavor: r-devel-linux-x86_64-fedora-clang