Last updated on 2024-03-28 17:49:46 CET.
Flavor | Version | Tinstall | Tcheck | Ttotal | Status | Flags |
---|---|---|---|---|---|---|
r-devel-linux-x86_64-debian-clang | 1.0.7 | 23.72 | 32.70 | 56.42 | NOTE | |
r-devel-linux-x86_64-debian-gcc | 1.0.7 | 13.33 | 25.59 | 38.92 | NOTE | |
r-devel-linux-x86_64-fedora-clang | 1.0.7 | 119.72 | NOTE | |||
r-devel-linux-x86_64-fedora-gcc | 1.0.7 | 66.46 | NOTE | |||
r-devel-windows-x86_64 | 1.0.7 | 20.00 | 67.00 | 87.00 | NOTE | |
r-patched-linux-x86_64 | 1.0.7 | 16.09 | 31.85 | 47.94 | NOTE | |
r-release-linux-x86_64 | 1.0.7 | 12.75 | 31.70 | 44.45 | NOTE | |
r-release-macos-arm64 | 1.0.7 | 49.00 | NOTE | |||
r-release-macos-x86_64 | 1.0.7 | 123.00 | NOTE | |||
r-release-windows-x86_64 | 1.0.7 | 24.00 | 77.00 | 101.00 | NOTE | |
r-oldrel-macos-arm64 | 1.0.7 | 54.00 | OK | |||
r-oldrel-windows-x86_64 | 1.0.7 | 23.00 | 75.00 | 98.00 | OK |
Version: 1.0.7
Check: C++ specification
Result: NOTE
Specified C++11: please drop specification unless essential
Flavors: r-devel-linux-x86_64-debian-clang, r-devel-linux-x86_64-debian-gcc, r-devel-linux-x86_64-fedora-clang, r-devel-linux-x86_64-fedora-gcc, r-devel-windows-x86_64, r-patched-linux-x86_64, r-release-linux-x86_64, r-release-macos-arm64, r-release-macos-x86_64, r-release-windows-x86_64