Last updated on 2025-07-28 18:51:56 CEST.
Flavor | Version | Tinstall | Tcheck | Ttotal | Status | Flags |
---|---|---|---|---|---|---|
r-devel-linux-x86_64-debian-clang | 0.1.6 | 7.37 | 98.07 | 105.44 | NOTE | |
r-devel-linux-x86_64-debian-gcc | 0.1.6 | 5.15 | 71.13 | 76.28 | NOTE | |
r-devel-linux-x86_64-fedora-clang | 0.1.6 | 170.16 | NOTE | |||
r-devel-linux-x86_64-fedora-gcc | 0.1.6 | 160.49 | NOTE | |||
r-devel-windows-x86_64 | 0.1.6 | 8.00 | 119.00 | 127.00 | NOTE | |
r-patched-linux-x86_64 | 0.1.6 | 6.27 | 97.41 | 103.68 | NOTE | |
r-release-linux-x86_64 | 0.1.6 | 5.97 | 96.22 | 102.19 | NOTE | |
r-release-macos-arm64 | 0.1.6 | 51.00 | NOTE | |||
r-release-macos-x86_64 | 0.1.6 | 92.00 | OK | |||
r-release-windows-x86_64 | 0.1.6 | 8.00 | 107.00 | 115.00 | NOTE | |
r-oldrel-macos-arm64 | 0.1.6 | 59.00 | OK | |||
r-oldrel-macos-x86_64 | 0.1.6 | 105.00 | OK | |||
r-oldrel-windows-x86_64 | 0.1.6 | 11.00 | 143.00 | 154.00 | OK |
Version: 0.1.6
Check: DESCRIPTION meta-information
Result: NOTE
Missing dependency on R >= 4.1.0 because package code uses the pipe
|> or function shorthand \(...) syntax added in R 4.1.0.
File(s) using such syntax:
‘compute_pfi.Rd’ ‘plot_pc_directions.Rd’ ‘prep_testing_data.Rd’
‘prep_training_data.Rd’
Flavors: r-devel-linux-x86_64-debian-clang, r-devel-linux-x86_64-debian-gcc, r-devel-linux-x86_64-fedora-clang, r-devel-linux-x86_64-fedora-gcc, r-devel-windows-x86_64, r-patched-linux-x86_64, r-release-linux-x86_64, r-release-macos-arm64, r-release-windows-x86_64