Last updated on 2024-03-28 17:49:46 CET.
Flavor | Version | Tinstall | Tcheck | Ttotal | Status | Flags |
---|---|---|---|---|---|---|
r-devel-linux-x86_64-debian-clang | 1.0.2 | 31.03 | 259.78 | 290.81 | NOTE | |
r-devel-linux-x86_64-debian-gcc | 1.0.2 | 23.56 | 202.55 | 226.11 | NOTE | |
r-devel-linux-x86_64-fedora-clang | 1.0.2 | 376.61 | NOTE | |||
r-devel-linux-x86_64-fedora-gcc | 1.0.2 | 381.89 | NOTE | |||
r-devel-windows-x86_64 | 1.0.2 | 31.00 | 230.00 | 261.00 | NOTE | |
r-patched-linux-x86_64 | 1.0.2 | 33.21 | 259.13 | 292.34 | NOTE | |
r-release-linux-x86_64 | 1.0.2 | 27.24 | 279.51 | 306.75 | OK | |
r-release-macos-arm64 | 1.0.2 | 96.00 | OK | |||
r-release-macos-x86_64 | 1.0.2 | 243.00 | NOTE | |||
r-release-windows-x86_64 | 1.0.2 | 36.00 | 280.00 | 316.00 | OK | |
r-oldrel-macos-arm64 | 1.0.2 | 94.00 | OK | |||
r-oldrel-windows-x86_64 | 1.0.2 | 40.00 | 273.00 | 313.00 | OK |
Version: 1.0.2
Check: Rd files
Result: NOTE
checkRd: (-1) speciate.Rd:23: Lost braces in \itemize; meant \describe ?
checkRd: (-1) speciate.Rd:24: Lost braces in \itemize; meant \describe ?
checkRd: (-1) speciate.Rd:25: Lost braces in \itemize; meant \describe ?
checkRd: (-1) speciate.Rd:26: Lost braces in \itemize; meant \describe ?
checkRd: (-1) speciate.Rd:27: Lost braces in \itemize; meant \describe ?
checkRd: (-1) speciate.Rd:28: Lost braces in \itemize; meant \describe ?
checkRd: (-1) speciate.Rd:29: Lost braces in \itemize; meant \describe ?
checkRd: (-1) speciate.Rd:34: Lost braces in \itemize; meant \describe ?
checkRd: (-1) speciate.Rd:35: Lost braces in \itemize; meant \describe ?
checkRd: (-1) speciate.Rd:36: Lost braces in \itemize; meant \describe ?
checkRd: (-1) speciate.Rd:37: Lost braces in \itemize; meant \describe ?
checkRd: (-1) speciate.Rd:38: Lost braces in \itemize; meant \describe ?
checkRd: (-1) speciate.Rd:39: Lost braces in \itemize; meant \describe ?
checkRd: (-1) speciate.Rd:40: Lost braces in \itemize; meant \describe ?
checkRd: (-1) speciate.Rd:45: Lost braces in \itemize; meant \describe ?
checkRd: (-1) speciate.Rd:46: Lost braces in \itemize; meant \describe ?
checkRd: (-1) speciate.Rd:47: Lost braces in \itemize; meant \describe ?
checkRd: (-1) speciate.Rd:48: Lost braces in \itemize; meant \describe ?
checkRd: (-1) speciate.Rd:49: Lost braces in \itemize; meant \describe ?
checkRd: (-1) speciate.Rd:50: Lost braces in \itemize; meant \describe ?
checkRd: (-1) speciate.Rd:51: Lost braces in \itemize; meant \describe ?
checkRd: (-1) speciate.Rd:56: Lost braces in \itemize; meant \describe ?
checkRd: (-1) speciate.Rd:57: Lost braces in \itemize; meant \describe ?
checkRd: (-1) speciate.Rd:58: Lost braces in \itemize; meant \describe ?
checkRd: (-1) speciate.Rd:59: Lost braces in \itemize; meant \describe ?
checkRd: (-1) speciate.Rd:60: Lost braces in \itemize; meant \describe ?
checkRd: (-1) speciate.Rd:61: Lost braces in \itemize; meant \describe ?
checkRd: (-1) speciate.Rd:62: Lost braces in \itemize; meant \describe ?
checkRd: (-1) speciate.Rd:141: Lost braces in \itemize; meant \describe ?
checkRd: (-1) speciate.Rd:142: Lost braces in \itemize; meant \describe ?
checkRd: (-1) speciate.Rd:143: Lost braces in \itemize; meant \describe ?
checkRd: (-1) speciate.Rd:144: Lost braces in \itemize; meant \describe ?
checkRd: (-1) speciate.Rd:145: Lost braces in \itemize; meant \describe ?
checkRd: (-1) speciate.Rd:146: Lost braces in \itemize; meant \describe ?
Flavors: r-devel-linux-x86_64-debian-clang, r-devel-linux-x86_64-debian-gcc, r-devel-linux-x86_64-fedora-clang, r-devel-linux-x86_64-fedora-gcc, r-devel-windows-x86_64, r-patched-linux-x86_64
Version: 1.0.2
Check: Rd \usage sections
Result: NOTE
Documented arguments not in \usage in Rd file 'vein-deprecated.Rd':
‘object’
Functions with \usage entries need to have the appropriate \alias
entries, and all their arguments documented.
The \usage entries must correspond to syntactically valid R code.
See chapter ‘Writing R documentation files’ in the ‘Writing R
Extensions’ manual.
Flavors: r-devel-linux-x86_64-debian-clang, r-devel-linux-x86_64-debian-gcc, r-devel-linux-x86_64-fedora-clang, r-devel-linux-x86_64-fedora-gcc, r-devel-windows-x86_64, r-patched-linux-x86_64
Version: 1.0.2
Check: data for non-ASCII characters
Result: NOTE
Note: found 49 marked UTF-8 strings
Flavors: r-devel-linux-x86_64-fedora-clang, r-devel-linux-x86_64-fedora-gcc
Version: 1.0.2
Check: installed package size
Result: NOTE
installed size is 5.1Mb
sub-directories of 1Mb or more:
R 3.4Mb
help 1.1Mb
Flavor: r-release-macos-x86_64