CRAN Package Check Results for Package venneuler

Last updated on 2025-05-18 06:49:30 CEST.

Flavor Version Tinstall Tcheck Ttotal Status Flags
r-devel-linux-x86_64-debian-clang 1.1-4 3.18 33.31 36.49 NOTE
r-devel-linux-x86_64-debian-gcc 1.1-4 2.23 25.66 27.89 NOTE
r-devel-linux-x86_64-fedora-clang 1.1-4 59.06 OK
r-devel-linux-x86_64-fedora-gcc 1.1-4 54.63 OK
r-devel-windows-x86_64 1.1-4 4.00 51.00 55.00 OK
r-patched-linux-x86_64 1.1-4 2.84 32.04 34.88 OK
r-release-linux-x86_64 1.1-4 2.94 31.97 34.91 OK
r-release-macos-arm64 1.1-4 22.00 OK
r-release-macos-x86_64 1.1-4 37.00 OK
r-release-windows-x86_64 1.1-4 5.00 55.00 60.00 OK
r-oldrel-macos-arm64 1.1-4 22.00 OK
r-oldrel-macos-x86_64 1.1-4 32.00 OK
r-oldrel-windows-x86_64 1.1-4 3.00 50.00 53.00 OK

Check Details

Version: 1.1-4
Check: CRAN incoming feasibility
Result: NOTE Maintainer: ‘Simon Urbanek <simon.urbanek@r-project.org>’ No Authors@R field in DESCRIPTION. Please add one, modifying Authors@R: c(person(given = "Lee", family = "Wilkinson", role = "aut", email = "leland.wilkinson@gmail.com"), person(given = "Simon", family = "Urbanek", role = "cre", email = "simon.urbanek@r-project.org")) as necessary. Flavors: r-devel-linux-x86_64-debian-clang, r-devel-linux-x86_64-debian-gcc