Last updated on 2024-07-03 18:57:50 CEST.
Flavor | Version | Tinstall | Tcheck | Ttotal | Status | Flags |
---|---|---|---|---|---|---|
r-devel-linux-x86_64-debian-clang | 0.3.0 | 6.54 | 68.13 | 74.67 | NOTE | |
r-devel-linux-x86_64-debian-gcc | 0.3.0 | 5.35 | 51.78 | 57.13 | NOTE | |
r-devel-linux-x86_64-fedora-clang | 0.3.0 | 101.76 | NOTE | |||
r-devel-linux-x86_64-fedora-gcc | 0.3.0 | 89.63 | NOTE | |||
r-devel-windows-x86_64 | 0.3.0 | 11.00 | 71.00 | 82.00 | NOTE | |
r-patched-linux-x86_64 | 0.3.0 | 7.14 | 66.73 | 73.87 | OK | |
r-release-linux-x86_64 | 0.3.0 | 6.31 | 67.35 | 73.66 | OK | |
r-release-macos-arm64 | 0.3.0 | 32.00 | OK | |||
r-release-macos-x86_64 | 0.3.0 | 46.00 | OK | |||
r-release-windows-x86_64 | 0.3.0 | 10.00 | 69.00 | 79.00 | OK | |
r-oldrel-macos-arm64 | 0.3.0 | 39.00 | OK | |||
r-oldrel-macos-x86_64 | 0.3.0 | 58.00 | OK | |||
r-oldrel-windows-x86_64 | 0.3.0 | 11.00 | 84.00 | 95.00 | OK |
Version: 0.3.0
Check: compiled code
Result: NOTE
File ‘versus/libs/versus.so’:
Found non-API call to R: ‘STRING_PTR’
Compiled code should not call non-API entry points in R.
See ‘Writing portable packages’ in the ‘Writing R Extensions’ manual.
See section ‘Moving into C API compliance’ in the ‘Writing R
Extensions’ manual for issues with use of non-API entry points.
Flavor: r-devel-linux-x86_64-debian-clang
Version: 0.3.0
Check: compiled code
Result: NOTE
File ‘versus/libs/versus.so’:
Found non-API call to R: ‘STRING_PTR’
Compiled code should not call non-API entry points in R.
See ‘Writing portable packages’ in the ‘Writing R Extensions’ manual,
and section ‘Moving into C API compliance’ for issues with the use of
non-API entry points.
Flavors: r-devel-linux-x86_64-debian-gcc, r-devel-linux-x86_64-fedora-clang, r-devel-linux-x86_64-fedora-gcc
Version: 0.3.0
Check: compiled code
Result: NOTE
File 'versus/libs/x64/versus.dll':
Found non-API call to R: 'STRING_PTR'
Compiled code should not call non-API entry points in R.
See 'Writing portable packages' in the 'Writing R Extensions' manual.
See section 'Moving into C API compliance' in the 'Writing R
Extensions' manual for issues with use of non-API entry points.
Flavor: r-devel-windows-x86_64