Last updated on 2024-04-24 07:15:22 CEST.
Flavor | Version | Tinstall | Tcheck | Ttotal | Status | Flags |
---|---|---|---|---|---|---|
r-devel-linux-x86_64-debian-clang | 0.2.16 | 12.05 | 88.68 | 100.73 | NOTE | |
r-devel-linux-x86_64-debian-gcc | 0.2.16 | 9.76 | 65.18 | 74.94 | NOTE | |
r-devel-linux-x86_64-fedora-clang | 0.2.16 | 130.81 | NOTE | |||
r-devel-linux-x86_64-fedora-gcc | 0.2.16 | 136.67 | NOTE | |||
r-prerel-macos-arm64 | 0.2.16 | 44.00 | OK | |||
r-prerel-windows-x86_64 | 0.2.16 | 18.00 | 85.00 | 103.00 | OK | |
r-patched-linux-x86_64 | 0.2.16 | 10.40 | 84.67 | 95.07 | OK | |
r-release-linux-x86_64 | 0.2.16 | 10.35 | 82.30 | 92.65 | OK | |
r-release-macos-arm64 | 0.2.16 | 51.00 | OK | |||
r-release-macos-x86_64 | 0.2.16 | 125.00 | OK | |||
r-release-windows-x86_64 | 0.2.16 | 21.00 | 104.00 | 125.00 | OK | |
r-oldrel-macos-arm64 | 0.2.16 | 48.00 | OK | |||
r-oldrel-windows-x86_64 | 0.2.16 | 26.00 | 103.00 | 129.00 | OK |
Version: 0.2.16
Check: compiled code
Result: NOTE
File ‘vetr/libs/vetr.so’:
Found non-API call to R: ‘SETLENGTH’
Compiled code should not call non-API entry points in R.
See ‘Writing portable packages’ in the ‘Writing R Extensions’ manual.
Flavors: r-devel-linux-x86_64-debian-clang, r-devel-linux-x86_64-debian-gcc, r-devel-linux-x86_64-fedora-clang, r-devel-linux-x86_64-fedora-gcc