CRAN Package Check Results for Package vfinputs

Last updated on 2025-06-30 18:49:55 CEST.

Flavor Version Tinstall Tcheck Ttotal Status Flags
r-devel-linux-x86_64-debian-clang 0.1.0 3.68 35.85 39.53 OK
r-devel-linux-x86_64-debian-gcc 0.1.0 2.76 28.37 31.13 OK
r-devel-linux-x86_64-fedora-clang 0.1.0 59.01 OK
r-devel-linux-x86_64-fedora-gcc 0.1.0 60.73 OK
r-devel-windows-x86_64 0.1.0 6.00 54.00 60.00 OK
r-patched-linux-x86_64 OK
r-release-linux-x86_64 0.1.0 3.72 33.26 36.98 OK
r-release-macos-arm64 0.1.0 35.00 OK
r-release-macos-x86_64 0.1.0 35.00 OK
r-release-windows-x86_64 0.1.0 5.00 54.00 59.00 OK
r-oldrel-macos-arm64 0.1.0 25.00 NOTE
r-oldrel-macos-x86_64 0.1.0 30.00 NOTE
r-oldrel-windows-x86_64 0.1.0 8.00 65.00 73.00 NOTE

Check Details

Version: 0.1.0
Check: LazyData
Result: NOTE 'LazyData' is specified without a 'data' directory Flavors: r-oldrel-macos-arm64, r-oldrel-macos-x86_64, r-oldrel-windows-x86_64