CRAN Package Check Results for Package vimp

Last updated on 2025-07-24 06:49:43 CEST.

Flavor Version Tinstall Tcheck Ttotal Status Flags
r-devel-linux-x86_64-debian-clang 2.3.3 6.97 259.85 266.82 NOTE
r-devel-linux-x86_64-debian-gcc 2.3.3 5.25 187.52 192.77 NOTE
r-devel-linux-x86_64-fedora-clang 2.3.5 677.97 OK
r-devel-linux-x86_64-fedora-gcc 2.3.5 771.89 OK
r-devel-windows-x86_64 2.3.3 9.00 472.00 481.00 NOTE
r-patched-linux-x86_64 2.3.3 8.99 248.07 257.06 NOTE
r-release-linux-x86_64 2.3.3 6.18 245.87 252.05 NOTE
r-release-macos-arm64 2.3.3 140.00 NOTE
r-release-macos-x86_64 2.3.5 422.00 OK
r-release-windows-x86_64 2.3.3 11.00 277.00 288.00 NOTE
r-oldrel-macos-arm64 2.3.3 133.00 NOTE
r-oldrel-macos-x86_64 2.3.5 465.00 OK
r-oldrel-windows-x86_64 2.3.3 13.00 367.00 380.00 NOTE

Check Details

Version: 2.3.3
Check: Rd files
Result: NOTE checkRd: (-1) average_vim.Rd:18: Lost braces in \itemize; \value handles \item{}{} directly checkRd: (-1) average_vim.Rd:19: Lost braces in \itemize; \value handles \item{}{} directly checkRd: (-1) average_vim.Rd:20: Lost braces in \itemize; \value handles \item{}{} directly checkRd: (-1) average_vim.Rd:21: Lost braces in \itemize; \value handles \item{}{} directly checkRd: (-1) average_vim.Rd:22: Lost braces in \itemize; \value handles \item{}{} directly checkRd: (-1) average_vim.Rd:23: Lost braces in \itemize; \value handles \item{}{} directly checkRd: (-1) average_vim.Rd:24: Lost braces in \itemize; \value handles \item{}{} directly checkRd: (-1) average_vim.Rd:25: Lost braces in \itemize; \value handles \item{}{} directly checkRd: (-1) average_vim.Rd:26: Lost braces in \itemize; \value handles \item{}{} directly checkRd: (-1) average_vim.Rd:27: Lost braces in \itemize; \value handles \item{}{} directly checkRd: (-1) average_vim.Rd:28: Lost braces in \itemize; \value handles \item{}{} directly checkRd: (-1) average_vim.Rd:29: Lost braces in \itemize; \value handles \item{}{} directly checkRd: (-1) merge_vim.Rd:16: Lost braces in \itemize; \value handles \item{}{} directly checkRd: (-1) merge_vim.Rd:17: Lost braces in \itemize; \value handles \item{}{} directly checkRd: (-1) merge_vim.Rd:18: Lost braces in \itemize; \value handles \item{}{} directly checkRd: (-1) merge_vim.Rd:19: Lost braces in \itemize; \value handles \item{}{} directly checkRd: (-1) merge_vim.Rd:20: Lost braces in \itemize; \value handles \item{}{} directly checkRd: (-1) merge_vim.Rd:21: Lost braces in \itemize; \value handles \item{}{} directly checkRd: (-1) merge_vim.Rd:22: Lost braces in \itemize; \value handles \item{}{} directly checkRd: (-1) merge_vim.Rd:23: Lost braces in \itemize; \value handles \item{}{} directly checkRd: (-1) merge_vim.Rd:24: Lost braces in \itemize; \value handles \item{}{} directly checkRd: (-1) merge_vim.Rd:25: Lost braces in \itemize; \value handles \item{}{} directly checkRd: (-1) merge_vim.Rd:26: Lost braces in \itemize; \value handles \item{}{} directly checkRd: (-1) merge_vim.Rd:27: Lost braces in \itemize; \value handles \item{}{} directly checkRd: (-1) merge_vim.Rd:28: Lost braces in \itemize; \value handles \item{}{} directly Flavors: r-devel-linux-x86_64-debian-clang, r-devel-linux-x86_64-debian-gcc, r-devel-windows-x86_64, r-patched-linux-x86_64, r-release-linux-x86_64, r-release-macos-arm64, r-release-windows-x86_64, r-oldrel-macos-arm64, r-oldrel-windows-x86_64

Version: 2.3.3
Check: Rd cross-references
Result: NOTE Found the following Rd file(s) with Rd \link{} targets missing package anchors: bootstrap_se.Rd: boot cv_vim.Rd: boot vim.Rd: boot Please provide package anchors for all Rd \link{} targets not in the package itself and the base packages. Flavors: r-devel-linux-x86_64-debian-clang, r-devel-linux-x86_64-debian-gcc, r-devel-windows-x86_64, r-patched-linux-x86_64, r-release-linux-x86_64, r-release-windows-x86_64