CRAN Package Check Results for Package vivaldi

Last updated on 2025-06-28 18:49:53 CEST.

Flavor Version Tinstall Tcheck Ttotal Status Flags
r-devel-linux-x86_64-debian-clang 1.0.1 2.67 98.12 100.79 OK
r-devel-linux-x86_64-debian-gcc 1.0.1 2.59 69.40 71.99 OK
r-devel-linux-x86_64-fedora-clang 1.0.1 148.18 OK
r-devel-linux-x86_64-fedora-gcc 1.0.1 157.31 OK
r-devel-windows-x86_64 1.0.1 5.00 100.00 105.00 OK
r-patched-linux-x86_64 OK
r-release-linux-x86_64 1.0.1 2.88 91.71 94.59 OK
r-release-macos-arm64 1.0.1 46.00 OK
r-release-macos-x86_64 1.0.1 90.00 OK
r-release-windows-x86_64 1.0.1 5.00 101.00 106.00 OK
r-oldrel-macos-arm64 1.0.1 44.00 NOTE
r-oldrel-macos-x86_64 1.0.1 72.00 NOTE
r-oldrel-windows-x86_64 1.0.1 7.00 123.00 130.00 NOTE

Check Details

Version: 1.0.1
Check: installed package size
Result: NOTE installed size is 6.8Mb sub-directories of 1Mb or more: doc 5.4Mb extdata 1.1Mb Flavors: r-oldrel-macos-arm64, r-oldrel-macos-x86_64, r-oldrel-windows-x86_64