Last updated on 2024-03-28 06:01:42 CET.
Flavor | Version | Tinstall | Tcheck | Ttotal | Status | Flags |
---|---|---|---|---|---|---|
r-devel-linux-x86_64-debian-clang | 1.0.8 | 707.43 | 307.36 | 1014.79 | OK | |
r-devel-linux-x86_64-debian-gcc | 1.0.8 | 659.25 | 272.73 | 931.98 | OK | |
r-devel-linux-x86_64-fedora-clang | 1.0.8 | 1255.93 | NOTE | |||
r-devel-linux-x86_64-fedora-gcc | 1.0.8 | 1633.38 | NOTE | |||
r-devel-windows-x86_64 | 1.0.8 | 532.00 | 292.00 | 824.00 | NOTE | |
r-patched-linux-x86_64 | 1.0.8 | 552.55 | 345.07 | 897.62 | OK | |
r-release-linux-x86_64 | 1.0.8 | 760.62 | 356.52 | 1117.14 | OK | |
r-release-macos-arm64 | 1.0.8 | 532.00 | NOTE | |||
r-release-macos-x86_64 | 1.0.8 | 761.00 | NOTE | |||
r-release-windows-x86_64 | 1.0.8 | 702.00 | 366.00 | 1068.00 | NOTE | |
r-oldrel-macos-arm64 | 1.0.8 | 396.00 | NOTE | |||
r-oldrel-windows-x86_64 | 1.0.8 | 676.00 | 334.00 | 1010.00 | NOTE |
Version: 1.0.8
Check: installed package size
Result: NOTE
installed size is 7.3Mb
sub-directories of 1Mb or more:
libs 5.9Mb
Flavors: r-devel-linux-x86_64-fedora-clang, r-devel-windows-x86_64, r-release-macos-arm64, r-release-macos-x86_64, r-release-windows-x86_64, r-oldrel-macos-arm64, r-oldrel-windows-x86_64
Version: 1.0.8
Check: for GNU extensions in Makefiles
Result: NOTE
GNU make is a SystemRequirements.
Flavors: r-devel-linux-x86_64-fedora-clang, r-devel-linux-x86_64-fedora-gcc, r-release-macos-arm64, r-release-macos-x86_64, r-oldrel-macos-arm64