CRAN Package Check Results for Package warbleR

Last updated on 2018-10-23 07:48:09 CEST.

Flavor Version Tinstall Tcheck Ttotal Status Flags
r-devel-linux-x86_64-debian-clang 1.1.15 23.59 182.87 206.46 OK
r-devel-linux-x86_64-debian-gcc 1.1.15 19.42 138.73 158.15 OK
r-devel-linux-x86_64-fedora-clang 1.1.15 246.19 NOTE
r-devel-linux-x86_64-fedora-gcc 1.1.15 247.71 OK
r-devel-windows-ix86+x86_64 1.1.15 51.00 257.00 308.00 NOTE
r-patched-linux-x86_64 1.1.15 16.27 170.39 186.66 OK
r-patched-solaris-x86 1.1.15 320.00 NOTE
r-release-linux-x86_64 1.1.15 16.70 173.23 189.93 OK
r-release-windows-ix86+x86_64 1.1.15 30.00 155.00 185.00 NOTE
r-release-osx-x86_64 1.1.15 ERROR
r-oldrel-windows-ix86+x86_64 1.1.15 10.00 162.00 172.00 OK
r-oldrel-osx-x86_64 1.1.15 ERROR

Check Details

Version: 1.1.15
Check: installed package size
Result: NOTE
     installed size is 5.5Mb
     sub-directories of 1Mb or more:
     R 1.0Mb
     doc 4.0Mb
Flavors: r-devel-linux-x86_64-fedora-clang, r-devel-windows-ix86+x86_64, r-patched-solaris-x86, r-release-windows-ix86+x86_64

Version: 1.1.15
Check: package dependencies
Result: ERROR
    Package required but not available: ‘bioacoustics’
    
    See section ‘The DESCRIPTION file’ in the ‘Writing R Extensions’
    manual.
Flavors: r-release-osx-x86_64, r-oldrel-osx-x86_64