CRAN Package Check Results for Package warbleR

Last updated on 2019-05-20 18:54:27 CEST.

Flavor Version Tinstall Tcheck Ttotal Status Flags
r-devel-linux-x86_64-debian-clang 1.1.15 29.00 177.82 206.82 OK
r-devel-linux-x86_64-debian-gcc 1.1.15 23.83 132.07 155.90 OK
r-devel-linux-x86_64-fedora-clang 1.1.15 248.57 NOTE
r-devel-linux-x86_64-fedora-gcc 1.1.15 232.63 OK
r-devel-windows-ix86+x86_64 1.1.15 59.00 272.00 331.00 NOTE
r-patched-linux-x86_64 1.1.15 25.22 175.59 200.81 OK
r-patched-solaris-x86 1.1.15 334.60 NOTE
r-release-linux-x86_64 1.1.15 26.88 175.15 202.03 OK
r-release-windows-ix86+x86_64 1.1.15 59.00 267.00 326.00 NOTE
r-release-osx-x86_64 1.1.15 ERROR
r-oldrel-windows-ix86+x86_64 1.1.15 33.00 193.00 226.00 NOTE
r-oldrel-osx-x86_64 1.1.15 ERROR

Check Details

Version: 1.1.15
Check: installed package size
Result: NOTE
     installed size is 5.5Mb
     sub-directories of 1Mb or more:
     R 1.0Mb
     doc 4.0Mb
Flavors: r-devel-linux-x86_64-fedora-clang, r-devel-windows-ix86+x86_64, r-patched-solaris-x86, r-release-windows-ix86+x86_64, r-oldrel-windows-ix86+x86_64

Version: 1.1.15
Check: package dependencies
Result: ERROR
    Package required but not available: ‘bioacoustics’
    
    Package suggested but not available for checking: ‘Rraven’
    
    See section ‘The DESCRIPTION file’ in the ‘Writing R Extensions’
    manual.
Flavor: r-release-osx-x86_64

Version: 1.1.15
Check: package dependencies
Result: ERROR
    Package required but not available: ‘bioacoustics’
    
    See section ‘The DESCRIPTION file’ in the ‘Writing R Extensions’
    manual.
Flavor: r-oldrel-osx-x86_64