CRAN Package Check Results for Package warbleR

Last updated on 2019-01-17 04:52:02 CET.

Flavor Version Tinstall Tcheck Ttotal Status Flags
r-devel-linux-x86_64-debian-clang 1.1.15 27.14 189.10 216.24 OK
r-devel-linux-x86_64-debian-gcc 1.1.15 23.12 140.04 163.16 OK
r-devel-linux-x86_64-fedora-clang 1.1.15 257.58 NOTE
r-devel-linux-x86_64-fedora-gcc 1.1.15 171.39 OK
r-devel-windows-ix86+x86_64 1.1.15 28.00 194.00 222.00 NOTE
r-patched-linux-x86_64 1.1.15 20.96 173.92 194.88 OK
r-patched-solaris-x86 1.1.15 325.20 NOTE
r-release-linux-x86_64 1.1.15 22.58 174.39 196.97 OK
r-release-windows-ix86+x86_64 1.1.15 51.00 253.00 304.00 NOTE
r-release-osx-x86_64 1.1.15 ERROR
r-oldrel-windows-ix86+x86_64 1.1.15 11.00 213.00 224.00 OK
r-oldrel-osx-x86_64 1.1.15 ERROR

Check Details

Version: 1.1.15
Check: installed package size
Result: NOTE
     installed size is 5.5Mb
     sub-directories of 1Mb or more:
     R 1.0Mb
     doc 4.0Mb
Flavors: r-devel-linux-x86_64-fedora-clang, r-devel-windows-ix86+x86_64, r-patched-solaris-x86, r-release-windows-ix86+x86_64

Version: 1.1.15
Check: package dependencies
Result: ERROR
    Package required but not available: ‘bioacoustics’
    
    See section ‘The DESCRIPTION file’ in the ‘Writing R Extensions’
    manual.
Flavors: r-release-osx-x86_64, r-oldrel-osx-x86_64