CRAN Package Check Results for Package warbleR

Last updated on 2018-06-19 18:47:30 CEST.

Flavor Version Tinstall Tcheck Ttotal Status Flags
r-devel-linux-x86_64-debian-clang 1.1.13 27.06 172.50 199.56 OK
r-devel-linux-x86_64-debian-gcc 1.1.13 20.12 128.22 148.34 OK
r-devel-linux-x86_64-fedora-clang 1.1.13 229.74 NOTE
r-devel-linux-x86_64-fedora-gcc 1.1.13 223.62 OK
r-devel-windows-ix86+x86_64 1.1.13 49.00 196.00 245.00 NOTE
r-patched-linux-x86_64 1.1.13 23.47 161.77 185.24 OK
r-patched-solaris-x86 1.1.13 289.60 NOTE
r-release-linux-x86_64 1.1.13 25.10 161.94 187.04 OK
r-release-windows-ix86+x86_64 1.1.13 30.00 242.00 272.00 NOTE
r-release-osx-x86_64 1.1.13 WARN
r-oldrel-windows-ix86+x86_64 1.1.13 12.00 265.00 277.00 OK
r-oldrel-osx-x86_64 1.1.12 NOTE

Check Details

Version: 1.1.13
Check: installed package size
Result: NOTE
     installed size is 5.7Mb
     sub-directories of 1Mb or more:
     doc 4.3Mb
Flavors: r-devel-linux-x86_64-fedora-clang, r-devel-windows-ix86+x86_64, r-patched-solaris-x86, r-release-windows-ix86+x86_64, r-release-osx-x86_64

Version: 1.1.13
Check: whether package can be installed
Result: WARN
    Found the following significant warnings:
     Warning: 'rgl_init' failed, running with rgl.useNULL = TRUE
Flavor: r-release-osx-x86_64

Version: 1.1.13
Check: examples
Result: FAIL
    
Flavor: r-release-osx-x86_64

Version: 1.1.12
Check: dependencies in R code
Result: NOTE
    Namespaces in Imports field not imported from:
     ‘pbmcapply’ ‘proxy’ ‘signal’
     All declared Imports should be used.
Flavor: r-oldrel-osx-x86_64