CRAN Package Check Results for Package warbleR

Last updated on 2018-08-21 06:50:31 CEST.

Flavor Version Tinstall Tcheck Ttotal Status Flags
r-devel-linux-x86_64-debian-clang 1.1.14 23.84 167.51 191.35 OK
r-devel-linux-x86_64-debian-gcc 1.1.14 19.79 130.27 150.06 OK
r-devel-linux-x86_64-fedora-clang 1.1.14 225.96 NOTE
r-devel-linux-x86_64-fedora-gcc 1.1.14 227.00 OK
r-devel-windows-ix86+x86_64 1.1.14 48.00 260.00 308.00 NOTE
r-patched-linux-x86_64 1.1.14 23.39 161.90 185.29 OK
r-patched-solaris-x86 1.1.14 306.70 NOTE
r-release-linux-x86_64 1.1.14 20.56 161.39 181.95 OK
r-release-windows-ix86+x86_64 1.1.14 46.00 219.00 265.00 NOTE
r-release-osx-x86_64 1.1.14 WARN
r-oldrel-windows-ix86+x86_64 1.1.14 12.00 288.00 300.00 OK
r-oldrel-osx-x86_64 1.1.14 WARN

Check Details

Version: 1.1.14
Check: installed package size
Result: NOTE
     installed size is 5.4Mb
     sub-directories of 1Mb or more:
     doc 4.0Mb
Flavors: r-devel-linux-x86_64-fedora-clang, r-devel-windows-ix86+x86_64, r-patched-solaris-x86, r-release-windows-ix86+x86_64, r-release-osx-x86_64

Version: 1.1.14
Check: whether package can be installed
Result: WARN
    Found the following significant warnings:
     Warning: 'rgl_init' failed, running with rgl.useNULL = TRUE
Flavors: r-release-osx-x86_64, r-oldrel-osx-x86_64