Last updated on 2025-11-04 05:51:29 CET.
| Flavor | Version | Tinstall | Tcheck | Ttotal | Status | Flags | 
|---|---|---|---|---|---|---|
| r-devel-linux-x86_64-debian-clang | 1.0.3 | 6.34 | 57.79 | 64.13 | NOTE | |
| r-devel-linux-x86_64-debian-gcc | 1.0.3 | 5.14 | 45.21 | 50.35 | NOTE | |
| r-devel-linux-x86_64-fedora-clang | 1.0.3 | 16.00 | 83.65 | 99.65 | OK | |
| r-devel-linux-x86_64-fedora-gcc | 1.0.3 | 16.00 | 98.51 | 114.51 | OK | |
| r-devel-windows-x86_64 | 1.0.3 | 14.00 | 71.00 | 85.00 | OK | |
| r-patched-linux-x86_64 | 1.0.3 | 6.34 | 55.98 | 62.32 | OK | |
| r-release-linux-x86_64 | 1.0.3 | 6.32 | 55.09 | 61.41 | OK | |
| r-release-macos-arm64 | 1.0.3 | 3.00 | 31.00 | 34.00 | OK | |
| r-release-macos-x86_64 | 1.0.3 | 6.00 | 68.00 | 74.00 | OK | |
| r-release-windows-x86_64 | 1.0.3 | 14.00 | 71.00 | 85.00 | OK | |
| r-oldrel-macos-arm64 | 1.0.3 | 3.00 | 31.00 | 34.00 | NOTE | |
| r-oldrel-macos-x86_64 | 1.0.3 | 4.00 | 48.00 | 52.00 | NOTE | |
| r-oldrel-windows-x86_64 | 1.0.3 | 14.00 | 87.00 | 101.00 | NOTE | 
Version: 1.0.3
Check: CRAN incoming feasibility
Result: NOTE
  Maintainer: ‘Richard Barnes <rijard.barnes@gmail.com>’
  
  The BugReports field in DESCRIPTION has
    https://github.com/r-barnes/webglobe/
  which should likely be
    https://github.com/r-barnes/webglobe/issues
  instead.
Flavors: r-devel-linux-x86_64-debian-clang, r-devel-linux-x86_64-debian-gcc
Version: 1.0.3
Check: installed package size
Result: NOTE
    installed size is 10.5Mb
    sub-directories of 1Mb or more:
      client   9.4Mb
      doc      1.0Mb
Flavors: r-oldrel-macos-arm64, r-oldrel-macos-x86_64, r-oldrel-windows-x86_64