Last updated on 2024-07-03 18:57:51 CEST.
Flavor | Version | Tinstall | Tcheck | Ttotal | Status | Flags |
---|---|---|---|---|---|---|
r-devel-linux-x86_64-debian-clang | 1.9.1 | 15.54 | 90.92 | 106.46 | NOTE | |
r-devel-linux-x86_64-debian-gcc | 1.9.1 | 14.22 | 67.32 | 81.54 | NOTE | |
r-devel-linux-x86_64-fedora-clang | 1.9.1 | 134.26 | NOTE | |||
r-devel-linux-x86_64-fedora-gcc | 1.9.1 | 127.85 | NOTE | |||
r-devel-windows-x86_64 | 1.9.1 | 17.00 | 82.00 | 99.00 | NOTE | |
r-patched-linux-x86_64 | 1.9.1 | 12.25 | 85.47 | 97.72 | NOTE | |
r-release-linux-x86_64 | 1.9.1 | 16.74 | 86.87 | 103.61 | NOTE | |
r-release-macos-arm64 | 1.9.1 | 40.00 | NOTE | |||
r-release-macos-x86_64 | 1.9.1 | 57.00 | NOTE | |||
r-release-windows-x86_64 | 1.9.1 | 16.00 | 80.00 | 96.00 | NOTE | |
r-oldrel-macos-arm64 | 1.9.1 | 43.00 | NOTE | |||
r-oldrel-macos-x86_64 | 1.9.1 | 67.00 | NOTE | |||
r-oldrel-windows-x86_64 | 1.9.1 | 22.00 | 99.00 | 121.00 | NOTE |
Version: 1.9.1
Check: LazyData
Result: NOTE
'LazyData' is specified without a 'data' directory
Flavors: r-devel-linux-x86_64-debian-clang, r-devel-linux-x86_64-debian-gcc, r-devel-linux-x86_64-fedora-clang, r-devel-linux-x86_64-fedora-gcc, r-devel-windows-x86_64, r-patched-linux-x86_64, r-release-linux-x86_64, r-release-macos-arm64, r-release-macos-x86_64, r-release-windows-x86_64, r-oldrel-macos-arm64, r-oldrel-macos-x86_64, r-oldrel-windows-x86_64