CRAN Package Check Results for Package widgetframe

Last updated on 2025-11-20 05:49:41 CET.

Flavor Version Tinstall Tcheck Ttotal Status Flags
r-devel-linux-x86_64-debian-clang 0.3.1 2.61 31.12 33.73 NOTE
r-devel-linux-x86_64-debian-gcc 0.3.1 1.97 25.84 27.81 NOTE
r-devel-linux-x86_64-fedora-clang 0.3.1 53.19 OK
r-devel-linux-x86_64-fedora-gcc 0.3.1 64.25 OK
r-devel-windows-x86_64 0.3.1 6.00 50.00 56.00 OK
r-patched-linux-x86_64 0.3.1 2.55 29.81 32.36 OK
r-release-linux-x86_64 0.3.1 2.53 29.77 32.30 OK
r-release-macos-arm64 0.3.1 OK
r-release-macos-x86_64 0.3.1 2.00 43.00 45.00 OK
r-release-windows-x86_64 0.3.1 4.00 49.00 53.00 OK
r-oldrel-macos-arm64 0.3.1 NOTE
r-oldrel-macos-x86_64 0.3.1 2.00 37.00 39.00 NOTE
r-oldrel-windows-x86_64 0.3.1 6.00 56.00 62.00 NOTE

Check Details

Version: 0.3.1
Check: CRAN incoming feasibility
Result: NOTE Maintainer: ‘Bhaskar Karambelkar <bhaskarvk@gmail.com>’ Found the following (possibly) invalid file URIs: URI: rmarkdown.rstudio.com From: inst/doc/Using_widgetframe.html URI: yihui.name/knitr/ From: inst/doc/Using_widgetframe.html Flavors: r-devel-linux-x86_64-debian-clang, r-devel-linux-x86_64-debian-gcc

Version: 0.3.1
Check: LazyData
Result: NOTE 'LazyData' is specified without a 'data' directory Flavors: r-oldrel-macos-arm64, r-oldrel-macos-x86_64, r-oldrel-windows-x86_64