Last updated on 2024-03-28 06:01:42 CET.
Flavor | Version | Tinstall | Tcheck | Ttotal | Status | Flags |
---|---|---|---|---|---|---|
r-devel-linux-x86_64-debian-clang | 0.7.0 | 6.45 | 75.96 | 82.41 | NOTE | |
r-devel-linux-x86_64-debian-gcc | 0.7.0 | 6.19 | 57.52 | 63.71 | NOTE | |
r-devel-linux-x86_64-fedora-clang | 0.7.0 | 109.37 | NOTE | |||
r-devel-linux-x86_64-fedora-gcc | 0.7.0 | 113.34 | NOTE | |||
r-devel-windows-x86_64 | 0.7.0 | 8.00 | 76.00 | 84.00 | NOTE | |
r-patched-linux-x86_64 | 0.7.0 | 6.11 | 71.24 | 77.35 | OK | |
r-release-linux-x86_64 | 0.7.0 | 5.20 | 71.10 | 76.30 | OK | |
r-release-macos-arm64 | 0.7.0 | 51.00 | OK | |||
r-release-macos-x86_64 | 0.7.0 | 62.00 | OK | |||
r-release-windows-x86_64 | 0.7.0 | 10.00 | 86.00 | 96.00 | OK | |
r-oldrel-macos-arm64 | 0.7.0 | 38.00 | OK | |||
r-oldrel-windows-x86_64 | 0.7.0 | 11.00 | 92.00 | 103.00 | OK |
Version: 0.7.0
Check: Rd files
Result: NOTE
checkRd: (-1) milakes.Rd:10: Lost braces in \itemize; meant \describe ?
checkRd: (-1) milakes.Rd:11: Lost braces in \itemize; meant \describe ?
checkRd: (-1) milakes.Rd:12: Lost braces in \itemize; meant \describe ?
checkRd: (-1) milakes.Rd:13: Lost braces in \itemize; meant \describe ?
checkRd: (-1) milakes.Rd:14: Lost braces in \itemize; meant \describe ?
checkRd: (-1) milakes.Rd:15: Lost braces in \itemize; meant \describe ?
checkRd: (-1) milakes.Rd:16: Lost braces in \itemize; meant \describe ?
checkRd: (-1) milakes.Rd:17: Lost braces in \itemize; meant \describe ?
checkRd: (-1) milakes.Rd:18: Lost braces in \itemize; meant \describe ?
checkRd: (-1) milakes.Rd:19: Lost braces in \itemize; meant \describe ?
checkRd: (-1) milakes.Rd:20: Lost braces in \itemize; meant \describe ?
checkRd: (-1) milakes.Rd:21: Lost braces in \itemize; meant \describe ?
checkRd: (-1) milakes.Rd:22: Lost braces in \itemize; meant \describe ?
Flavors: r-devel-linux-x86_64-debian-clang, r-devel-linux-x86_64-debian-gcc, r-devel-linux-x86_64-fedora-clang, r-devel-linux-x86_64-fedora-gcc, r-devel-windows-x86_64