Last updated on 2025-04-16 06:50:19 CEST.
Flavor | Version | Tinstall | Tcheck | Ttotal | Status | Flags |
---|---|---|---|---|---|---|
r-devel-linux-x86_64-debian-clang | 0.1.3 | 48.15 | 30.38 | 78.53 | NOTE | |
r-devel-linux-x86_64-debian-gcc | 0.1.3 | 41.30 | 23.39 | 64.69 | NOTE | |
r-devel-linux-x86_64-fedora-clang | 0.1.3 | 144.64 | NOTE | |||
r-devel-linux-x86_64-fedora-gcc | 0.1.3 | 159.97 | NOTE | |||
r-devel-windows-x86_64 | 0.1.3 | 64.00 | 76.00 | 140.00 | NOTE | |
r-patched-linux-x86_64 | 0.1.3 | 57.96 | 30.25 | 88.21 | NOTE | |
r-release-linux-x86_64 | 0.1.3 | 57.06 | 29.57 | 86.63 | NOTE | |
r-release-macos-arm64 | 0.1.3 | 55.00 | NOTE | |||
r-release-macos-x86_64 | 0.1.3 | 75.00 | NOTE | |||
r-release-windows-x86_64 | 0.1.3 | 65.00 | 78.00 | 143.00 | NOTE | |
r-oldrel-macos-arm64 | 0.1.3 | 42.00 | NOTE | |||
r-oldrel-macos-x86_64 | 0.1.3 | 46.00 | NOTE | |||
r-oldrel-windows-x86_64 | 0.1.3 | 74.00 | 89.00 | 163.00 | NOTE |
Version: 0.1.3
Check: C++ specification
Result: NOTE
Specified C++11: please drop specification unless essential
Flavors: r-devel-linux-x86_64-debian-clang, r-devel-linux-x86_64-debian-gcc, r-devel-linux-x86_64-fedora-clang, r-devel-linux-x86_64-fedora-gcc, r-devel-windows-x86_64, r-patched-linux-x86_64, r-release-linux-x86_64, r-release-macos-arm64, r-release-macos-x86_64, r-release-windows-x86_64, r-oldrel-macos-arm64, r-oldrel-macos-x86_64, r-oldrel-windows-x86_64
Version: 0.1.3
Check: Rd cross-references
Result: NOTE
Found the following Rd file(s) with Rd \link{} targets missing package
anchors:
wkt_plot.Rd: wkt, wkb
Please provide package anchors for all Rd \link{} targets not in the
package itself and the base packages.
Flavors: r-devel-linux-x86_64-debian-clang, r-devel-linux-x86_64-debian-gcc, r-devel-windows-x86_64, r-patched-linux-x86_64, r-release-linux-x86_64, r-release-windows-x86_64