Last updated on 2025-05-18 18:50:18 CEST.
Flavor | Version | Tinstall | Tcheck | Ttotal | Status | Flags |
---|---|---|---|---|---|---|
r-devel-linux-x86_64-debian-clang | 0.2.0 | 1.78 | 38.47 | 40.25 | OK | |
r-devel-linux-x86_64-debian-gcc | 0.2.0 | 1.42 | 28.10 | 29.52 | OK | |
r-devel-linux-x86_64-fedora-clang | 0.2.0 | 57.42 | OK | |||
r-devel-linux-x86_64-fedora-gcc | 0.2.0 | 54.86 | OK | |||
r-devel-windows-x86_64 | 0.2.0 | 4.00 | 54.00 | 58.00 | OK | |
r-patched-linux-x86_64 | 0.2.0 | 1.87 | 33.67 | 35.54 | OK | |
r-release-linux-x86_64 | 0.2.0 | 1.72 | 32.89 | 34.61 | OK | |
r-release-macos-arm64 | 0.2.0 | 30.00 | OK | |||
r-release-macos-x86_64 | 0.2.0 | 58.00 | OK | |||
r-release-windows-x86_64 | 0.2.0 | 5.00 | 0.00 | 5.00 | FAIL | |
r-oldrel-macos-arm64 | 0.2.0 | 23.00 | OK | |||
r-oldrel-macos-x86_64 | 0.2.0 | 33.00 | OK | |||
r-oldrel-windows-x86_64 | 0.2.0 | 4.00 | 63.00 | 67.00 | OK |
Version: 0.2.0
Check: PDF version of manual
Result: FAIL
Check process probably crashed or hung up for 20 minutes ... killed
Most likely this happened in the example checks (?),
if not, ignore the following last lines of example output:
6 boy -0.244 1.86 0.323 -0.593 0.916 -1.06 0.977 -1.63 -1.20 0.339 0.929
7 buy -0.231 1.82 0.332 -0.618 0.930 -1.02 1.04 -1.70 -1.15 0.301 0.945
8 called -0.279 1.81 0.319 -0.582 0.987 -1.05 1.02 -1.67 -1.16 0.385 0.953
9 carrying -0.268 1.83 0.368 -0.631 0.985 -1.04 0.991 -1.65 -1.15 0.323 0.928
10 copper -0.169 1.90 0.386 -0.671 0.881 -1.11 0.961 -1.57 -1.22 0.228 0.978
# ℹ 479 more rows
# ℹ 39 more variables: V12 <dbl>, V13 <dbl>, V14 <dbl>, V15 <dbl>, V16 <dbl>,
# V17 <dbl>, V18 <dbl>, V19 <dbl>, V20 <dbl>, V21 <dbl>, V22 <dbl>,
# V23 <dbl>, V24 <dbl>, V25 <dbl>, V26 <dbl>, V27 <dbl>, V28 <dbl>,
# V29 <dbl>, V30 <dbl>, V31 <dbl>, V32 <dbl>, V33 <dbl>, V34 <dbl>,
# V35 <dbl>, V36 <dbl>, V37 <dbl>, V38 <dbl>, V39 <dbl>, V40 <dbl>,
# V41 <dbl>, V42 <dbl>, V43 <dbl>, V44 <dbl>, V45 <dbl>, V46 <dbl>, …
>
>
>
> ### * <FOOTER>
> ###
> cleanEx()
> options(digits = 7L)
> base::cat("Time elapsed: ", proc.time() - base::get("ptime", pos = 'CheckExEnv'),"\n")
Time elapsed: 4.03 0.8 4.86 NA NA
> grDevices::dev.off()
null device
1
> ###
> ### Local variables: ***
> ### mode: outline-minor ***
> ### outline-regexp: "\\(> \\)?### [*]+" ***
> ### End: ***
> quit('no')
======== End of example output (where/before crash/hang up occured ?) ========
Flavor: r-release-windows-x86_64