Last updated on 2025-07-21 18:53:22 CEST.
Flavor | Version | Tinstall | Tcheck | Ttotal | Status | Flags |
---|---|---|---|---|---|---|
r-devel-linux-x86_64-debian-clang | 0.4.3 | 2.34 | 35.68 | 38.02 | OK | |
r-devel-linux-x86_64-debian-gcc | 0.4.3 | 1.74 | 27.19 | 28.93 | OK | |
r-devel-linux-x86_64-fedora-clang | 0.4.3 | 55.49 | ERROR | |||
r-devel-linux-x86_64-fedora-gcc | 0.4.3 | 69.19 | ERROR | |||
r-devel-windows-x86_64 | 0.4.3 | 4.00 | 59.00 | 63.00 | OK | |
r-patched-linux-x86_64 | 0.4.3 | 2.38 | 33.26 | 35.64 | OK | |
r-release-linux-x86_64 | 0.4.3 | 2.07 | 33.31 | 35.38 | OK | |
r-release-macos-arm64 | 0.4.3 | 41.00 | OK | |||
r-release-macos-x86_64 | 0.4.3 | 60.00 | OK | |||
r-release-windows-x86_64 | 0.4.3 | 4.00 | 59.00 | 63.00 | OK | |
r-oldrel-macos-arm64 | 0.4.3 | 28.00 | OK | |||
r-oldrel-macos-x86_64 | 0.4.3 | 43.00 | OK | |||
r-oldrel-windows-x86_64 | 0.4.3 | 4.00 | 66.00 | 70.00 | OK |
Version: 0.4.3
Check: tests
Result: ERROR
Running ‘test-all.R’ [11s/37s]
Running the tests in ‘tests/test-all.R’ failed.
Complete output:
> library("testthat")
> test_check("worrms")
Loading required package: worrms
[ FAIL 2 | WARN 3 | SKIP 34 | PASS 157 ]
══ Skipped tests (34) ══════════════════════════════════════════════════════════
• On CRAN (34): 'test-wm_children.R:40:3', 'test-wm_children.R:86:3',
'test-wm_classification.R:14:3', 'test-wm_classification.R:43:3',
'test-wm_common_id.R:14:3', 'test-wm_common_id.R:45:3',
'test-wm_distribution.R:13:3', 'test-wm_distribution.R:41:3',
'test-wm_external.R:22:3', 'test-wm_external.R:51:3',
'test-wm_id2name.R:13:3', 'test-wm_id2name.R:42:3', 'test-wm_name2id.R:13:3',
'test-wm_name2id.R:40:3', 'test-wm_ranks.R:13:3', 'test-wm_ranks.R:37:3',
'test-wm_record.R:13:3', 'test-wm_record.R:36:3',
'test-wm_record_by_external.R:33:3', 'test-wm_record_by_external.R:60:3',
'test-wm_records_common.R:41:3', 'test-wm_records_common.R:66:3',
'test-wm_records_date.R:4:3', 'test-wm_records_date.R:16:3',
'test-wm_records_name.R:27:3', 'test-wm_records_names.R:16:3',
'test-wm_records_names.R:24:3', 'test-wm_records_rank.R:12:3',
'test-wm_records_taxamatch.R:16:3', 'test-wm_records_taxamatch.R:27:3',
'test-wm_sources.R:17:3', 'test-wm_sources.R:38:3',
'test-wm_synonyms.R:19:3', 'test-wm_synonyms.R:41:3'
══ Failed tests ════════════════════════════════════════════════════════════════
── Failure ('test-wm_children.R:72:3'): wm_children_ basic usage works ─────────
NROW(bb) is not strictly more than NROW(aa). Difference: 0
── Failure ('test-wm_children.R:82:3'): wm_children_ - 'name' input works ──────
any(grepl("Leucophaeus", aa$scientificname)) is not TRUE
`actual`: FALSE
`expected`: TRUE
[ FAIL 2 | WARN 3 | SKIP 34 | PASS 157 ]
Error: Test failures
Execution halted
Flavor: r-devel-linux-x86_64-fedora-clang
Version: 0.4.3
Check: tests
Result: ERROR
Running ‘test-all.R’ [12s/37s]
Running the tests in ‘tests/test-all.R’ failed.
Complete output:
> library("testthat")
> test_check("worrms")
Loading required package: worrms
[ FAIL 2 | WARN 3 | SKIP 34 | PASS 157 ]
══ Skipped tests (34) ══════════════════════════════════════════════════════════
• On CRAN (34): 'test-wm_children.R:40:3', 'test-wm_children.R:86:3',
'test-wm_classification.R:14:3', 'test-wm_classification.R:43:3',
'test-wm_common_id.R:14:3', 'test-wm_common_id.R:45:3',
'test-wm_distribution.R:13:3', 'test-wm_distribution.R:41:3',
'test-wm_external.R:22:3', 'test-wm_external.R:51:3',
'test-wm_id2name.R:13:3', 'test-wm_id2name.R:42:3', 'test-wm_name2id.R:13:3',
'test-wm_name2id.R:40:3', 'test-wm_ranks.R:13:3', 'test-wm_ranks.R:37:3',
'test-wm_record.R:13:3', 'test-wm_record.R:36:3',
'test-wm_record_by_external.R:33:3', 'test-wm_record_by_external.R:60:3',
'test-wm_records_common.R:41:3', 'test-wm_records_common.R:66:3',
'test-wm_records_date.R:4:3', 'test-wm_records_date.R:16:3',
'test-wm_records_name.R:27:3', 'test-wm_records_names.R:16:3',
'test-wm_records_names.R:24:3', 'test-wm_records_rank.R:12:3',
'test-wm_records_taxamatch.R:16:3', 'test-wm_records_taxamatch.R:27:3',
'test-wm_sources.R:17:3', 'test-wm_sources.R:38:3',
'test-wm_synonyms.R:19:3', 'test-wm_synonyms.R:41:3'
══ Failed tests ════════════════════════════════════════════════════════════════
── Failure ('test-wm_children.R:72:3'): wm_children_ basic usage works ─────────
NROW(bb) is not strictly more than NROW(aa). Difference: 0
── Failure ('test-wm_children.R:82:3'): wm_children_ - 'name' input works ──────
any(grepl("Leucophaeus", aa$scientificname)) is not TRUE
`actual`: FALSE
`expected`: TRUE
[ FAIL 2 | WARN 3 | SKIP 34 | PASS 157 ]
Error: Test failures
Execution halted
Flavor: r-devel-linux-x86_64-fedora-gcc