Last updated on 2025-07-27 06:49:44 CEST.
Flavor | Version | Tinstall | Tcheck | Ttotal | Status | Flags |
---|---|---|---|---|---|---|
r-devel-linux-x86_64-debian-clang | 1.2-3 | 2.12 | 52.73 | 54.85 | NOTE | |
r-devel-linux-x86_64-debian-gcc | 1.2-3 | 1.64 | 41.01 | 42.65 | NOTE | |
r-devel-linux-x86_64-fedora-clang | 1.2-3 | 72.62 | OK | |||
r-devel-linux-x86_64-fedora-gcc | 1.2-3 | 69.37 | OK | |||
r-devel-windows-x86_64 | 1.2-3 | 9.00 | 90.00 | 99.00 | OK | |
r-patched-linux-x86_64 | 1.2-3 | 2.28 | 48.02 | 50.30 | OK | |
r-release-linux-x86_64 | 1.2-3 | 2.07 | 48.36 | 50.43 | OK | |
r-release-macos-arm64 | 1.2-3 | 33.00 | OK | |||
r-release-macos-x86_64 | 1.2-3 | 59.00 | OK | |||
r-release-windows-x86_64 | 1.2-3 | 6.00 | 74.00 | 80.00 | OK | |
r-oldrel-macos-arm64 | 1.2-3 | 36.00 | NOTE | |||
r-oldrel-macos-x86_64 | 1.2-3 | 45.00 | NOTE | |||
r-oldrel-windows-x86_64 | 1.2-3 | 6.00 | 84.00 | 90.00 | NOTE |
Version: 1.2-3
Check: CRAN incoming feasibility
Result: NOTE
Maintainer: ‘Hana Sevcikova <hanas@uw.edu>’
No Authors@R field in DESCRIPTION.
Please add one, modifying
Authors@R: c(person(given = c("United", "Nations", "Population"),
family = "Division",
role = "aut"),
person(given = "Hana",
family = "Sevcikova",
role = "cre",
email = "hanas@uw.edu"))
as necessary.
Flavors: r-devel-linux-x86_64-debian-clang, r-devel-linux-x86_64-debian-gcc
Version: 1.2-3
Check: installed package size
Result: NOTE
installed size is 11.5Mb
sub-directories of 1Mb or more:
data 11.4Mb
Flavors: r-oldrel-macos-arm64, r-oldrel-macos-x86_64, r-oldrel-windows-x86_64