Last updated on 2025-07-21 06:49:42 CEST.
Flavor | Version | Tinstall | Tcheck | Ttotal | Status | Flags |
---|---|---|---|---|---|---|
r-devel-linux-x86_64-debian-clang | 1.1.61 | 201.85 | 24.82 | 226.67 | OK | |
r-devel-linux-x86_64-debian-gcc | 1.1.61 | 36.11 | 19.17 | 55.28 | OK | |
r-devel-linux-x86_64-fedora-clang | 1.1.61 | 317.04 | OK | |||
r-devel-linux-x86_64-fedora-gcc | 1.1.61 | 107.15 | OK | |||
r-devel-windows-x86_64 | 1.1.61 | 155.00 | 38.00 | 193.00 | OK | |
r-patched-linux-x86_64 | 1.1.61 | 44.05 | 21.43 | 65.48 | OK | |
r-release-linux-x86_64 | 1.1.61 | 44.22 | 21.33 | 65.55 | OK | |
r-release-macos-arm64 | 1.1.61 | 99.00 | OK | |||
r-release-macos-x86_64 | 1.1.61 | 78.00 | OK | |||
r-release-windows-x86_64 | 1.1.61 | 153.00 | 41.00 | 194.00 | OK | |
r-oldrel-macos-arm64 | 1.1.61 | 87.00 | OK | |||
r-oldrel-macos-x86_64 | 1.1.61 | 87.00 | OK | |||
r-oldrel-windows-x86_64 | 1.1.61 | 119.00 | 37.00 | 156.00 | NOTE |
Version: 1.1.61
Check: installed package size
Result: NOTE
installed size is 5.6Mb
sub-directories of 1Mb or more:
bin 5.5Mb
Flavor: r-oldrel-windows-x86_64