Last updated on 2024-07-03 18:57:51 CEST.
Flavor | Version | Tinstall | Tcheck | Ttotal | Status | Flags |
---|---|---|---|---|---|---|
r-devel-linux-x86_64-debian-clang | 2.3 | 15.46 | 132.55 | 148.01 | OK | |
r-devel-linux-x86_64-debian-gcc | 2.3 | 12.80 | 97.11 | 109.91 | OK | |
r-devel-linux-x86_64-fedora-clang | 2.3 | 184.74 | OK | |||
r-devel-linux-x86_64-fedora-gcc | 2.3 | 170.15 | OK | |||
r-devel-windows-x86_64 | 2.3 | 15.00 | 105.00 | 120.00 | OK | |
r-patched-linux-x86_64 | 2.3 | 15.28 | 125.97 | 141.25 | OK | |
r-release-linux-x86_64 | 2.3 | 10.78 | 126.60 | 137.38 | OK | |
r-release-macos-arm64 | 2.3 | 48.00 | OK | |||
r-release-macos-x86_64 | 2.3 | 82.00 | OK | |||
r-release-windows-x86_64 | 2.3 | 10.00 | 5.00 | 15.00 | ERROR | |
r-oldrel-macos-arm64 | 2.3 | 56.00 | OK | |||
r-oldrel-macos-x86_64 | 2.3 | 126.00 | OK | |||
r-oldrel-windows-x86_64 | 2.3 | 19.00 | 128.00 | 147.00 | OK |
Version: 2.3
Check: whether package can be installed
Result: ERROR
Installation failed.
Flavor: r-release-windows-x86_64