Last updated on 2024-03-28 06:01:42 CET.
Flavor | Version | Tinstall | Tcheck | Ttotal | Status | Flags |
---|---|---|---|---|---|---|
r-devel-linux-x86_64-debian-clang | 0.2.3 | 10.77 | 79.47 | 90.24 | NOTE | |
r-devel-linux-x86_64-debian-gcc | 0.2.3 | 7.48 | 59.90 | 67.38 | NOTE | |
r-devel-linux-x86_64-fedora-clang | 0.2.3 | 112.93 | NOTE | |||
r-devel-linux-x86_64-fedora-gcc | 0.2.3 | 118.84 | NOTE | |||
r-devel-windows-x86_64 | 0.2.3 | 9.00 | 75.00 | 84.00 | NOTE | |
r-patched-linux-x86_64 | 0.2.3 | 10.78 | 76.29 | 87.07 | NOTE | |
r-release-linux-x86_64 | 0.2.3 | 9.45 | 72.32 | 81.77 | NOTE | |
r-release-macos-arm64 | 0.2.3 | 36.00 | NOTE | |||
r-release-macos-x86_64 | 0.2.3 | 58.00 | NOTE | |||
r-release-windows-x86_64 | 0.2.3 | 13.00 | 82.00 | 95.00 | NOTE | |
r-oldrel-macos-arm64 | 0.2.3 | 31.00 | NOTE | |||
r-oldrel-windows-x86_64 | 0.2.3 | 13.00 | 90.00 | 103.00 | NOTE |
Version: 0.2.3
Check: LazyData
Result: NOTE
'LazyData' is specified without a 'data' directory
Flavors: r-devel-linux-x86_64-debian-clang, r-devel-linux-x86_64-debian-gcc, r-devel-linux-x86_64-fedora-clang, r-devel-linux-x86_64-fedora-gcc, r-devel-windows-x86_64, r-patched-linux-x86_64, r-release-linux-x86_64, r-release-macos-arm64, r-release-macos-x86_64, r-release-windows-x86_64, r-oldrel-macos-arm64, r-oldrel-windows-x86_64