Last updated on 2024-04-26 07:52:09 CEST.
Flavor | Version | Tinstall | Tcheck | Ttotal | Status | Flags |
---|---|---|---|---|---|---|
r-devel-linux-x86_64-debian-clang | 0.2-3 | 4.88 | 71.02 | 75.90 | NOTE | |
r-devel-linux-x86_64-debian-gcc | 0.2-3 | 6.12 | 53.22 | 59.34 | NOTE | |
r-devel-linux-x86_64-fedora-clang | 0.2-3 | 95.41 | NOTE | |||
r-devel-linux-x86_64-fedora-gcc | 0.2-3 | 92.44 | NOTE | |||
r-devel-windows-x86_64 | 0.2-3 | 8.00 | 68.00 | 76.00 | NOTE | |
r-patched-linux-x86_64 | 0.2-3 | 5.75 | 68.18 | 73.93 | NOTE | |
r-release-linux-x86_64 | 0.2-3 | 6.24 | 67.42 | 73.66 | OK | |
r-release-macos-arm64 | 0.2-3 | 32.00 | NOTE | |||
r-release-windows-x86_64 | 0.2-3 | 7.00 | 69.00 | 76.00 | NOTE | |
r-oldrel-macos-arm64 | 0.2-3 | 33.00 | OK | |||
r-oldrel-macos-x86_64 | 0.2-3 | 52.00 | OK | |||
r-oldrel-windows-x86_64 | 0.2-3 | 9.00 | 78.00 | 87.00 | OK |
Version: 0.2-3
Check: Rd files
Result: NOTE
checkRd: (-1) xwfGridsearch.Rd:27: Lost braces; missing escapes or markup?
27 | \item{iter}{Number of levels in the adaptive grid search. The resolution in b obtained is 2^{-1-iter}.}
| ^
Flavors: r-devel-linux-x86_64-debian-clang, r-devel-linux-x86_64-debian-gcc, r-devel-linux-x86_64-fedora-clang, r-devel-linux-x86_64-fedora-gcc, r-devel-windows-x86_64, r-patched-linux-x86_64, r-release-macos-arm64, r-release-windows-x86_64