Last updated on 2024-04-19 19:50:31 CEST.
Flavor | Version | Tinstall | Tcheck | Ttotal | Status | Flags |
---|---|---|---|---|---|---|
r-devel-linux-x86_64-debian-clang | 2.1.2 | 12.06 | 88.88 | 100.94 | NOTE | |
r-devel-linux-x86_64-debian-gcc | 2.1.2 | NOTE | ||||
r-devel-linux-x86_64-fedora-clang | 2.1.2 | 127.33 | NOTE | |||
r-devel-linux-x86_64-fedora-gcc | 2.1.2 | 116.19 | NOTE | |||
r-prerel-macos-arm64 | 2.1.2 | 35.00 | NOTE | |||
r-prerel-windows-x86_64 | 2.1.2 | 13.00 | 78.00 | 91.00 | NOTE | |
r-patched-linux-x86_64 | 2.1.2 | 10.51 | 85.17 | 95.68 | NOTE | |
r-release-linux-x86_64 | 2.1.2 | 10.21 | 85.79 | 96.00 | OK | |
r-release-macos-arm64 | 2.1.2 | 35.00 | OK | |||
r-release-macos-x86_64 | 2.1.2 | 58.00 | OK | |||
r-release-windows-x86_64 | 2.1.2 | 15.00 | 93.00 | 108.00 | OK | |
r-oldrel-macos-arm64 | 2.1.2 | 32.00 | OK | |||
r-oldrel-windows-x86_64 | 2.1.2 | 15.00 | 91.00 | 106.00 | OK |
Version: 2.1.2
Check: Rd files
Result: NOTE
checkRd: (-1) cat_sim.Rd:110: Lost braces; missing escapes or markup?
110 | \code{min} and {max} are mandatory for setting limits on the test length. User-defined
| ^
Flavors: r-devel-linux-x86_64-debian-clang, r-devel-linux-x86_64-debian-gcc, r-devel-linux-x86_64-fedora-clang, r-devel-linux-x86_64-fedora-gcc, r-prerel-macos-arm64, r-prerel-windows-x86_64, r-patched-linux-x86_64