CRAN Package Check Results for Package yager

Last updated on 2025-05-18 06:49:31 CEST.

Flavor Version Tinstall Tcheck Ttotal Status Flags
r-devel-linux-x86_64-debian-clang 0.1.1 2.90 27.20 30.10 NOTE
r-devel-linux-x86_64-debian-gcc 0.1.1 2.09 21.19 23.28 NOTE
r-devel-linux-x86_64-fedora-clang 0.1.1 47.34 OK
r-devel-linux-x86_64-fedora-gcc 0.1.1 44.59 OK
r-devel-windows-x86_64 0.1.1 5.00 52.00 57.00 OK
r-patched-linux-x86_64 0.1.1 2.69 26.75 29.44 OK
r-release-linux-x86_64 0.1.1 2.44 26.45 28.89 OK
r-release-macos-arm64 0.1.1 21.00 OK
r-release-macos-x86_64 0.1.1 33.00 OK
r-release-windows-x86_64 0.1.1 5.00 59.00 64.00 OK
r-oldrel-macos-arm64 0.1.1 20.00 NOTE
r-oldrel-macos-x86_64 0.1.1 36.00 NOTE
r-oldrel-windows-x86_64 0.1.1 5.00 56.00 61.00 NOTE

Check Details

Version: 0.1.1
Check: CRAN incoming feasibility
Result: NOTE Maintainer: ‘WenSui Liu <liuwensui@gmail.com>’ No Authors@R field in DESCRIPTION. Please add one, modifying Authors@R: person(given = "WenSui", family = "Liu", role = c("aut", "cre"), email = "liuwensui@gmail.com") as necessary. Flavors: r-devel-linux-x86_64-debian-clang, r-devel-linux-x86_64-debian-gcc

Version: 0.1.1
Check: LazyData
Result: NOTE 'LazyData' is specified without a 'data' directory Flavors: r-oldrel-macos-arm64, r-oldrel-macos-x86_64, r-oldrel-windows-x86_64