Last updated on 2024-07-23 18:59:16 CEST.
Flavor | Version | Tinstall | Tcheck | Ttotal | Status | Flags |
---|---|---|---|---|---|---|
r-devel-linux-x86_64-debian-clang | 0.6-70 | 8.48 | 117.80 | 126.28 | OK | |
r-devel-linux-x86_64-debian-gcc | 0.6-70 | 8.13 | 88.46 | 96.59 | OK | |
r-devel-linux-x86_64-fedora-clang | 0.6-70 | 163.98 | NOTE | |||
r-devel-linux-x86_64-fedora-gcc | 0.6-70 | 164.71 | NOTE | |||
r-devel-windows-x86_64 | 0.6-70 | 8.00 | 132.00 | 140.00 | OK | |
r-patched-linux-x86_64 | 0.6-70 | 10.99 | 114.47 | 125.46 | OK | |
r-release-linux-x86_64 | 0.6-70 | 8.96 | 112.43 | 121.39 | OK | |
r-release-macos-arm64 | 0.6-70 | 45.00 | OK | |||
r-release-macos-x86_64 | 0.6-70 | 87.00 | OK | |||
r-release-windows-x86_64 | 0.6-70 | 10.00 | 131.00 | 141.00 | OK | |
r-oldrel-macos-arm64 | 0.6-70 | 55.00 | OK | |||
r-oldrel-macos-x86_64 | 0.6-70 | 101.00 | OK | |||
r-oldrel-windows-x86_64 | 0.6-70 | 12.00 | 138.00 | 150.00 | OK |
Version: 0.6-70
Check: data for non-ASCII characters
Result: NOTE
Note: found 146804 marked UTF-8 strings
Flavors: r-devel-linux-x86_64-fedora-clang, r-devel-linux-x86_64-fedora-gcc